Last updated on 2025-05-08 04:52:13 CEST.
Flavor | Version | Tinstall | Tcheck | Ttotal | Status | Flags |
---|---|---|---|---|---|---|
r-devel-linux-x86_64-debian-clang | 2.2.14 | 4.73 | 36.28 | 41.01 | OK | |
r-devel-linux-x86_64-debian-gcc | 2.2.14 | 3.07 | 27.74 | 30.81 | OK | |
r-devel-linux-x86_64-fedora-clang | 2.2.14 | 69.42 | OK | |||
r-devel-linux-x86_64-fedora-gcc | 2.2.14 | 75.51 | OK | |||
r-devel-windows-x86_64 | 2.2.14 | 7.00 | 54.00 | 61.00 | OK | |
r-patched-linux-x86_64 | 2.2.14 | 4.85 | 34.83 | 39.68 | OK | |
r-release-linux-x86_64 | 2.2.14 | 4.74 | 34.87 | 39.61 | OK | |
r-release-macos-arm64 | 2.2.14 | 33.00 | OK | |||
r-release-macos-x86_64 | 2.2.14 | 97.00 | OK | |||
r-release-windows-x86_64 | 2.2.14 | 6.00 | 58.00 | 64.00 | OK | |
r-oldrel-macos-arm64 | 2.2.14 | 29.00 | OK | |||
r-oldrel-macos-x86_64 | 2.2.14 | 55.00 | OK | |||
r-oldrel-windows-x86_64 | 2.2.14 | 7.00 | 61.00 | 68.00 | NOTE |
Version: 2.2.14
Check: package dependencies
Result: NOTE
Package suggested but not available for checking: 'unix'
Flavor: r-oldrel-windows-x86_64
These binaries (installable software) and packages are in development.
They may not be fully stable and should be used with caution. We make no claims about them.