Last updated on 2025-02-16 08:50:56 CET.
Flavor | Version | Tinstall | Tcheck | Ttotal | Status | Flags |
---|---|---|---|---|---|---|
r-devel-linux-x86_64-debian-clang | 0.4.1 | 74.93 | 52.20 | 127.13 | OK | |
r-devel-linux-x86_64-debian-gcc | 0.4.1 | 54.84 | 32.80 | 87.64 | OK | |
r-devel-linux-x86_64-fedora-gcc | 0.4.1 | 246.04 | OK | |||
r-devel-macos-arm64 | 0.4.1 | 51.00 | OK | |||
r-devel-macos-x86_64 | 0.4.1 | 65.00 | OK | |||
r-devel-windows-x86_64 | 0.4.1 | 92.00 | 171.00 | 263.00 | OK | |
r-patched-linux-x86_64 | 0.4.1 | 73.06 | 39.66 | 112.72 | OK | |
r-release-linux-x86_64 | 0.4.1 | 71.43 | 39.52 | 110.95 | OK | |
r-release-macos-arm64 | 0.4.1 | 54.00 | NOTE | |||
r-release-macos-x86_64 | 0.4.1 | 71.00 | NOTE | |||
r-release-windows-x86_64 | 0.4.1 | 93.00 | 177.00 | 270.00 | NOTE | |
r-oldrel-macos-arm64 | 0.4.1 | 53.00 | NOTE | |||
r-oldrel-macos-x86_64 | 0.4.1 | 78.00 | NOTE | |||
r-oldrel-windows-x86_64 | 0.4.1 | 96.00 | 209.00 | 305.00 | NOTE |
Version: 0.4.1
Check: installed package size
Result: NOTE
installed size is 31.3Mb
sub-directories of 1Mb or more:
libs 21.0Mb
share 10.2Mb
Flavors: r-release-macos-arm64, r-release-macos-x86_64, r-release-windows-x86_64, r-oldrel-macos-arm64, r-oldrel-macos-x86_64, r-oldrel-windows-x86_64
These binaries (installable software) and packages are in development.
They may not be fully stable and should be used with caution. We make no claims about them.