Last updated on 2025-07-02 03:50:47 CEST.
Flavor | Version | Tinstall | Tcheck | Ttotal | Status | Flags |
---|---|---|---|---|---|---|
r-devel-linux-x86_64-debian-clang | 0.5.1 | 79.20 | 54.65 | 133.85 | OK | |
r-devel-linux-x86_64-debian-gcc | 0.5.1 | 55.82 | 34.73 | 90.55 | OK | |
r-devel-linux-x86_64-fedora-gcc | 0.5.1 | 273.02 | OK | |||
r-devel-windows-x86_64 | 0.5.1 | 100.00 | 329.00 | 429.00 | OK | |
r-patched-linux-x86_64 | OK | |||||
r-release-linux-x86_64 | 0.5.1 | 75.18 | 41.53 | 116.71 | OK | |
r-release-macos-arm64 | 0.5.1 | 62.00 | OK | |||
r-release-macos-x86_64 | 0.5.1 | 68.00 | OK | |||
r-release-windows-x86_64 | 0.5.1 | 104.00 | 332.00 | 436.00 | OK | |
r-oldrel-macos-arm64 | 0.5.1 | 64.00 | NOTE | |||
r-oldrel-macos-x86_64 | 0.5.1 | 94.00 | NOTE | |||
r-oldrel-windows-x86_64 | 0.5.1 | 110.00 | 226.00 | 336.00 | NOTE |
Version: 0.5.1
Check: installed package size
Result: NOTE
installed size is 31.3Mb
sub-directories of 1Mb or more:
libs 21.0Mb
share 10.2Mb
Flavors: r-oldrel-macos-arm64, r-oldrel-macos-x86_64, r-oldrel-windows-x86_64
These binaries (installable software) and packages are in development.
They may not be fully stable and should be used with caution. We make no claims about them.