Last updated on 2024-06-22 19:58:11 CEST.
Flavor | Version | Tinstall | Tcheck | Ttotal | Status | Flags |
---|---|---|---|---|---|---|
r-devel-linux-x86_64-debian-clang | 0.4.0 | 156.25 | 73.86 | 230.11 | OK | |
r-devel-linux-x86_64-debian-gcc | 0.4.0 | 99.37 | 39.09 | 138.46 | OK | |
r-devel-linux-x86_64-fedora-gcc | 0.4.0 | 312.61 | OK | |||
r-devel-windows-x86_64 | 0.4.0 | 120.00 | 173.00 | 293.00 | NOTE | |
r-patched-linux-x86_64 | 0.4.0 | 124.42 | 52.58 | 177.00 | OK | |
r-release-linux-x86_64 | 0.4.0 | 128.92 | 52.68 | 181.60 | OK | |
r-release-macos-arm64 | 0.4.0 | 58.00 | NOTE | |||
r-release-macos-x86_64 | 0.4.0 | 55.00 | NOTE | |||
r-release-windows-x86_64 | 0.4.0 | 119.00 | 193.00 | 312.00 | NOTE | |
r-oldrel-macos-arm64 | 0.4.0 | 74.00 | NOTE | |||
r-oldrel-macos-x86_64 | 0.4.0 | 92.00 | NOTE | |||
r-oldrel-windows-x86_64 | 0.4.0 | 117.00 | 214.00 | 331.00 | NOTE |
Version: 0.4.0
Check: installed package size
Result: NOTE
installed size is 30.3Mb
sub-directories of 1Mb or more:
libs 19.9Mb
share 10.2Mb
Flavors: r-devel-windows-x86_64, r-release-macos-arm64, r-release-macos-x86_64, r-release-windows-x86_64, r-oldrel-macos-arm64, r-oldrel-macos-x86_64, r-oldrel-windows-x86_64
These binaries (installable software) and packages are in development.
They may not be fully stable and should be used with caution. We make no claims about them.