Last updated on 2024-07-27 15:50:28 CEST.
Flavor | Version | Tinstall | Tcheck | Ttotal | Status | Flags |
---|---|---|---|---|---|---|
r-devel-linux-x86_64-debian-clang | 0.1.4 | 2.10 | 21.42 | 23.52 | NOTE | |
r-devel-linux-x86_64-debian-gcc | 0.1.4 | NOTE | ||||
r-devel-linux-x86_64-fedora-clang | 0.1.4 | 28.97 | NOTE | |||
r-devel-linux-x86_64-fedora-gcc | 0.1.4 | 27.82 | NOTE | |||
r-devel-windows-x86_64 | 0.1.4 | 4.00 | 38.00 | 42.00 | NOTE | |
r-patched-linux-x86_64 | 0.1.4 | NOTE | ||||
r-release-linux-x86_64 | 0.1.4 | 1.78 | 20.70 | 22.48 | NOTE | |
r-release-macos-arm64 | 0.1.4 | 14.00 | NOTE | |||
r-release-macos-x86_64 | 0.1.4 | 20.00 | NOTE | |||
r-release-windows-x86_64 | 0.1.4 | 3.00 | 45.00 | 48.00 | NOTE | |
r-oldrel-macos-arm64 | 0.1.4 | 16.00 | NOTE | |||
r-oldrel-macos-x86_64 | 0.1.4 | 18.00 | NOTE | |||
r-oldrel-windows-x86_64 | 0.1.4 | 4.00 | 39.00 | 43.00 | NOTE |
Version: 0.1.4
Check: LazyData
Result: NOTE
'LazyData' is specified without a 'data' directory
Flavors: r-devel-linux-x86_64-debian-clang, r-devel-linux-x86_64-debian-gcc, r-devel-linux-x86_64-fedora-clang, r-devel-linux-x86_64-fedora-gcc, r-devel-windows-x86_64, r-patched-linux-x86_64, r-release-linux-x86_64, r-release-macos-arm64, r-release-macos-x86_64, r-release-windows-x86_64, r-oldrel-macos-arm64, r-oldrel-macos-x86_64, r-oldrel-windows-x86_64
Version: 0.1.4
Check: dependencies in R code
Result: NOTE
Namespace in Imports field not imported from: ‘dplyr’
All declared Imports should be used.
Flavors: r-devel-linux-x86_64-fedora-clang, r-devel-linux-x86_64-fedora-gcc
These binaries (installable software) and packages are in development.
They may not be fully stable and should be used with caution. We make no claims about them.