Last updated on 2025-02-16 08:50:56 CET.
Flavor | Version | Tinstall | Tcheck | Ttotal | Status | Flags |
---|---|---|---|---|---|---|
r-devel-linux-x86_64-debian-clang | 2.5.0 | 35.68 | 156.75 | 192.43 | OK | |
r-devel-linux-x86_64-debian-gcc | 2.5.0 | 28.50 | 109.58 | 138.08 | OK | |
r-devel-linux-x86_64-fedora-clang | 2.5.0 | 315.07 | OK | |||
r-devel-linux-x86_64-fedora-gcc | 2.5.0 | 310.27 | OK | |||
r-devel-macos-arm64 | 2.5.0 | 112.00 | OK | |||
r-devel-macos-x86_64 | 2.5.0 | 187.00 | OK | |||
r-devel-windows-x86_64 | 2.5.0 | 54.00 | 269.00 | 323.00 | OK | |
r-patched-linux-x86_64 | 2.5.0 | 38.21 | 147.23 | 185.44 | OK | |
r-release-linux-x86_64 | 2.5.0 | 34.88 | 148.34 | 183.22 | OK | |
r-release-macos-arm64 | 2.5.0 | 102.00 | NOTE | |||
r-release-macos-x86_64 | 2.5.0 | 284.00 | NOTE | |||
r-release-windows-x86_64 | 2.5.0 | 54.00 | 264.00 | 318.00 | NOTE | |
r-oldrel-macos-arm64 | 2.5.0 | 107.00 | NOTE | |||
r-oldrel-macos-x86_64 | 2.5.0 | 192.00 | NOTE | |||
r-oldrel-windows-x86_64 | 2.5.0 | 67.00 | 333.00 | 400.00 | NOTE |
Version: 2.5.0
Check: installed package size
Result: NOTE
installed size is 6.1Mb
sub-directories of 1Mb or more:
data 5.1Mb
Flavors: r-release-macos-arm64, r-release-macos-x86_64, r-release-windows-x86_64, r-oldrel-macos-arm64, r-oldrel-macos-x86_64, r-oldrel-windows-x86_64
These binaries (installable software) and packages are in development.
They may not be fully stable and should be used with caution. We make no claims about them.