CRAN Package Check Results for Package openmetrics

Last updated on 2025-02-16 08:50:56 CET.

Flavor Version Tinstall Tcheck Ttotal Status Flags
r-devel-linux-x86_64-debian-clang 0.3.0 6.08 20.59 26.67 OK
r-devel-linux-x86_64-debian-gcc 0.3.0 3.75 17.61 21.36 OK
r-devel-linux-x86_64-fedora-clang 0.3.0 44.61 NOTE
r-devel-linux-x86_64-fedora-gcc 0.3.0 41.29 NOTE
r-devel-macos-arm64 0.3.0 15.00 OK
r-devel-macos-x86_64 0.3.0 31.00 OK
r-devel-windows-x86_64 0.3.0 7.00 44.00 51.00 OK
r-patched-linux-x86_64 0.3.0 6.09 19.71 25.80 NOTE
r-release-linux-x86_64 0.3.0 5.62 19.79 25.41 NOTE
r-release-macos-arm64 0.3.0 18.00 NOTE
r-release-macos-x86_64 0.3.0 24.00 NOTE
r-release-windows-x86_64 0.3.0 6.00 51.00 57.00 NOTE
r-oldrel-macos-arm64 0.3.0 19.00 NOTE
r-oldrel-macos-x86_64 0.3.0 24.00 NOTE
r-oldrel-windows-x86_64 0.3.0 6.00 51.00 57.00 NOTE

Check Details

Version: 0.3.0
Check: dependencies in R code
Result: NOTE Namespace in Imports field not imported from: ‘R6’ All declared Imports should be used. Flavors: r-devel-linux-x86_64-fedora-clang, r-devel-linux-x86_64-fedora-gcc

Version: 0.3.0
Check: LazyData
Result: NOTE 'LazyData' is specified without a 'data' directory Flavors: r-patched-linux-x86_64, r-release-linux-x86_64, r-release-macos-arm64, r-release-macos-x86_64, r-release-windows-x86_64, r-oldrel-macos-arm64, r-oldrel-macos-x86_64, r-oldrel-windows-x86_64

These binaries (installable software) and packages are in development.
They may not be fully stable and should be used with caution. We make no claims about them.