Last updated on 2025-02-16 08:50:56 CET.
Flavor | Version | Tinstall | Tcheck | Ttotal | Status | Flags |
---|---|---|---|---|---|---|
r-devel-linux-x86_64-debian-clang | 2.3.2 | 11.96 | 46.72 | 58.68 | OK | |
r-devel-linux-x86_64-debian-gcc | 2.3.2 | 9.68 | 37.43 | 47.11 | OK | |
r-devel-linux-x86_64-fedora-clang | 2.3.2 | 129.02 | OK | |||
r-devel-linux-x86_64-fedora-gcc | 2.3.2 | 122.93 | OK | |||
r-devel-macos-arm64 | 2.3.2 | 50.00 | OK | |||
r-devel-macos-x86_64 | 2.3.2 | 101.00 | OK | |||
r-devel-windows-x86_64 | 2.3.2 | 38.00 | 119.00 | 157.00 | OK | |
r-patched-linux-x86_64 | 2.3.2 | 11.48 | 45.37 | 56.85 | OK | |
r-release-linux-x86_64 | 2.3.2 | 10.60 | 46.11 | 56.71 | OK | |
r-release-macos-arm64 | 2.3.2 | 49.00 | NOTE | |||
r-release-macos-x86_64 | 2.3.2 | 125.00 | NOTE | |||
r-release-windows-x86_64 | 2.3.2 | 38.00 | 121.00 | 159.00 | NOTE | |
r-oldrel-macos-arm64 | 2.3.1 | 59.00 | NOTE | |||
r-oldrel-macos-x86_64 | 2.3.2 | 100.00 | NOTE | |||
r-oldrel-windows-x86_64 | 2.3.2 | 44.00 | 134.00 | 178.00 | NOTE |
Version: 2.3.2
Check: installed package size
Result: NOTE
installed size is 8.5Mb
sub-directories of 1Mb or more:
doc 2.6Mb
libs 5.5Mb
Flavors: r-release-macos-arm64, r-release-macos-x86_64, r-release-windows-x86_64, r-oldrel-macos-x86_64, r-oldrel-windows-x86_64
Version: 2.3.1
Check: installed package size
Result: NOTE
installed size is 8.5Mb
sub-directories of 1Mb or more:
doc 2.6Mb
libs 5.5Mb
Flavor: r-oldrel-macos-arm64
These binaries (installable software) and packages are in development.
They may not be fully stable and should be used with caution. We make no claims about them.