Last updated on 2025-10-03 01:49:54 CEST.
Flavor | Version | Tinstall | Tcheck | Ttotal | Status | Flags |
---|---|---|---|---|---|---|
r-devel-linux-x86_64-debian-clang | 2.3.3 | 12.18 | 51.30 | 63.48 | OK | |
r-devel-linux-x86_64-debian-gcc | 2.3.4 | 8.50 | 40.28 | 48.78 | OK | |
r-devel-linux-x86_64-fedora-clang | 2.3.4 | 98.99 | OK | |||
r-devel-linux-x86_64-fedora-gcc | 2.3.4 | 113.64 | OK | |||
r-devel-windows-x86_64 | 2.3.4 | 42.00 | 139.00 | 181.00 | OK | |
r-patched-linux-x86_64 | 2.3.4 | 11.34 | 48.75 | 60.09 | OK | |
r-release-linux-x86_64 | 2.3.3 | 10.27 | 49.41 | 59.68 | OK | |
r-release-macos-arm64 | 2.3.4 | 48.00 | OK | |||
r-release-macos-x86_64 | 2.3.4 | 142.00 | OK | |||
r-release-windows-x86_64 | 2.3.4 | 46.00 | 131.00 | 177.00 | OK | |
r-oldrel-macos-arm64 | 2.3.3 | 72.00 | NOTE | |||
r-oldrel-macos-x86_64 | 2.3.4 | 89.00 | NOTE | |||
r-oldrel-windows-x86_64 | 2.3.4 | 47.00 | 154.00 | 201.00 | NOTE |
Version: 2.3.3
Check: installed package size
Result: NOTE
installed size is 8.5Mb
sub-directories of 1Mb or more:
doc 2.6Mb
libs 5.5Mb
Flavor: r-oldrel-macos-arm64
Version: 2.3.4
Check: installed package size
Result: NOTE
installed size is 9.3Mb
sub-directories of 1Mb or more:
doc 2.6Mb
libs 6.2Mb
Flavors: r-oldrel-macos-x86_64, r-oldrel-windows-x86_64
These binaries (installable software) and packages are in development.
They may not be fully stable and should be used with caution. We make no claims about them.