Last updated on 2025-02-16 08:50:56 CET.
Flavor | Version | Tinstall | Tcheck | Ttotal | Status | Flags |
---|---|---|---|---|---|---|
r-devel-linux-x86_64-debian-clang | 1.12 | 103.58 | 277.60 | 381.18 | OK | |
r-devel-linux-x86_64-debian-gcc | 1.12 | 71.94 | 184.06 | 256.00 | OK | |
r-devel-linux-x86_64-fedora-clang | 1.13 | 689.81 | OK | |||
r-devel-linux-x86_64-fedora-gcc | 1.12 | 637.32 | OK | |||
r-devel-macos-arm64 | 1.12 | 144.00 | OK | |||
r-devel-macos-x86_64 | 1.13 | 437.00 | OK | |||
r-devel-windows-x86_64 | 1.12 | 89.00 | 268.00 | 357.00 | OK | |
r-patched-linux-x86_64 | 1.12 | 106.33 | 256.99 | 363.32 | OK | |
r-release-linux-x86_64 | 1.12 | 99.73 | 254.42 | 354.15 | OK | |
r-release-macos-arm64 | 1.12 | 150.00 | NOTE | |||
r-release-macos-x86_64 | 1.13 | 439.00 | NOTE | |||
r-release-windows-x86_64 | 1.13 | 99.00 | 255.00 | 354.00 | NOTE | |
r-oldrel-macos-arm64 | 1.12 | 139.00 | NOTE | |||
r-oldrel-macos-x86_64 | 1.13 | 279.00 | NOTE | |||
r-oldrel-windows-x86_64 | 1.12 | 106.00 | 337.00 | 443.00 | NOTE |
Version: 1.12
Check: installed package size
Result: NOTE
installed size is 12.7Mb
sub-directories of 1Mb or more:
R 1.1Mb
libs 9.3Mb
Flavors: r-release-macos-arm64, r-oldrel-macos-arm64, r-oldrel-windows-x86_64
Version: 1.13
Check: installed package size
Result: NOTE
installed size is 13.0Mb
sub-directories of 1Mb or more:
R 2.0Mb
libs 8.6Mb
Flavors: r-release-macos-x86_64, r-release-windows-x86_64, r-oldrel-macos-x86_64
These binaries (installable software) and packages are in development.
They may not be fully stable and should be used with caution. We make no claims about them.