CRAN Package Check Results for Package operators

Last updated on 2025-11-13 21:50:03 CET.

Flavor Version Tinstall Tcheck Ttotal Status Flags
r-devel-linux-x86_64-debian-clang 0.1-8 1.87 22.72 24.59 NOTE
r-devel-linux-x86_64-debian-gcc 0.1-8 1.59 18.22 19.81 NOTE
r-devel-linux-x86_64-fedora-clang 0.1-8 35.63 OK
r-devel-linux-x86_64-fedora-gcc 0.1-8 35.49 OK
r-devel-windows-x86_64 0.1-8 4.00 43.00 47.00 OK
r-patched-linux-x86_64 0.1-8 2.21 21.37 23.58 OK
r-release-linux-x86_64 0.1-8 1.63 21.12 22.75 OK
r-release-macos-arm64 0.1-8 1.00 16.00 17.00 OK
r-release-macos-x86_64 0.1-8 2.00 24.00 26.00 OK
r-release-windows-x86_64 0.1-8 4.00 42.00 46.00 OK
r-oldrel-macos-arm64 0.1-8 1.00 19.00 20.00 OK
r-oldrel-macos-x86_64 0.1-8 2.00 20.00 22.00 OK
r-oldrel-windows-x86_64 0.1-8 3.00 49.00 52.00 OK

Check Details

Version: 0.1-8
Check: CRAN incoming feasibility
Result: NOTE Maintainer: ‘Romain Francois <romain@r-enthusiasts.com>’ No Authors@R field in DESCRIPTION. Please add one, modifying Authors@R: person(given = "Romain", family = "Francois", role = c("aut", "cre"), email = "romain@r-enthusiasts.com") as necessary. Flavors: r-devel-linux-x86_64-debian-clang, r-devel-linux-x86_64-debian-gcc

These binaries (installable software) and packages are in development.
They may not be fully stable and should be used with caution. We make no claims about them.