Last updated on 2025-05-01 14:49:17 CEST.
Flavor | Version | Tinstall | Tcheck | Ttotal | Status | Flags |
---|---|---|---|---|---|---|
r-devel-linux-x86_64-debian-clang | 1.0-28 | 13.47 | 93.26 | 106.73 | NOTE | |
r-devel-linux-x86_64-debian-gcc | 1.0-28 | 12.42 | 73.24 | 85.66 | NOTE | |
r-devel-linux-x86_64-fedora-clang | 1.0-28 | 181.26 | OK | |||
r-devel-linux-x86_64-fedora-gcc | 1.0-28 | 172.16 | OK | |||
r-devel-windows-x86_64 | 1.0-28 | 14.00 | 102.00 | 116.00 | OK | |
r-patched-linux-x86_64 | 1.0-28 | 14.47 | 89.28 | 103.75 | OK | |
r-release-linux-x86_64 | OK | |||||
r-release-macos-arm64 | 1.0-28 | 68.00 | OK | |||
r-release-macos-x86_64 | 1.0-28 | 91.00 | OK | |||
r-release-windows-x86_64 | 1.0-28 | 15.00 | 103.00 | 118.00 | OK | |
r-oldrel-macos-arm64 | 1.0-28 | 68.00 | OK | |||
r-oldrel-macos-x86_64 | 1.0-28 | 75.00 | OK | |||
r-oldrel-windows-x86_64 | 1.0-28 | 14.00 | 115.00 | 129.00 | OK |
Version: 1.0-28
Check: CRAN incoming feasibility
Result: NOTE
Maintainer: ‘Mizanur Khondoker <mizanur.khondoker@gmail.com>’
No Authors@R field in DESCRIPTION.
Please add one, modifying
Authors@R: person(given = "Mizanur",
family = "Khondoker",
role = c("aut", "cre"),
email = "mizanur.khondoker@gmail.com")
as necessary.
Flavors: r-devel-linux-x86_64-debian-clang, r-devel-linux-x86_64-debian-gcc
These binaries (installable software) and packages are in development.
They may not be fully stable and should be used with caution. We make no claims about them.