Last updated on 2025-02-16 08:50:56 CET.
Flavor | Version | Tinstall | Tcheck | Ttotal | Status | Flags |
---|---|---|---|---|---|---|
r-devel-linux-x86_64-debian-clang | 1.0.1 | 9.50 | 68.83 | 78.33 | NOTE | |
r-devel-linux-x86_64-debian-gcc | 1.0.1 | 7.77 | 51.70 | 59.47 | NOTE | |
r-devel-linux-x86_64-fedora-clang | 1.0.1 | 130.09 | NOTE | |||
r-devel-linux-x86_64-fedora-gcc | 1.0.1 | 123.76 | NOTE | |||
r-devel-macos-arm64 | 1.0.1 | 53.00 | OK | |||
r-devel-macos-x86_64 | 1.0.1 | 82.00 | OK | |||
r-devel-windows-x86_64 | 1.0.1 | 10.00 | 83.00 | 93.00 | NOTE | |
r-patched-linux-x86_64 | 1.0.1 | 13.54 | 65.19 | 78.73 | NOTE | |
r-release-linux-x86_64 | 1.0.1 | 9.31 | 66.11 | 75.42 | NOTE | |
r-release-macos-arm64 | 1.0.1 | 47.00 | OK | |||
r-release-macos-x86_64 | 1.0.1 | 67.00 | OK | |||
r-release-windows-x86_64 | 1.0.1 | 11.00 | 100.00 | 111.00 | OK | |
r-oldrel-macos-arm64 | 1.0.1 | 42.00 | OK | |||
r-oldrel-macos-x86_64 | 1.0.1 | 66.00 | OK | |||
r-oldrel-windows-x86_64 | 1.0.1 | 13.00 | 99.00 | 112.00 | OK |
Version: 1.0.1
Check: Rd cross-references
Result: NOTE
Found the following Rd file(s) with Rd \link{} targets missing package
anchors:
graphoptbd.mae.Rd: igraph
Please provide package anchors for all Rd \link{} targets not in the
package itself and the base packages.
Flavors: r-devel-linux-x86_64-debian-clang, r-devel-linux-x86_64-debian-gcc, r-devel-windows-x86_64
Version: 1.0.1
Check: for non-standard things in the check directory
Result: NOTE
Found the following files/directories:
‘Graph_layout_Doptbd_trtE’
Flavors: r-devel-linux-x86_64-debian-clang, r-devel-linux-x86_64-debian-gcc, r-devel-linux-x86_64-fedora-clang, r-devel-linux-x86_64-fedora-gcc, r-patched-linux-x86_64, r-release-linux-x86_64
These binaries (installable software) and packages are in development.
They may not be fully stable and should be used with caution. We make no claims about them.