Last updated on 2025-05-01 12:49:35 CEST.
Flavor | Version | Tinstall | Tcheck | Ttotal | Status | Flags |
---|---|---|---|---|---|---|
r-devel-linux-x86_64-debian-clang | 2.2.0 | 4.81 | 60.29 | 65.10 | NOTE | |
r-devel-linux-x86_64-debian-gcc | 2.2.0 | 3.10 | 40.35 | 43.45 | OK | |
r-devel-linux-x86_64-fedora-clang | 2.2.0 | 101.14 | OK | |||
r-devel-linux-x86_64-fedora-gcc | 2.2.0 | 99.37 | OK | |||
r-devel-windows-x86_64 | 2.2.0 | 7.00 | 85.00 | 92.00 | OK | |
r-patched-linux-x86_64 | 2.2.0 | 5.19 | 56.22 | 61.41 | OK | |
r-release-linux-x86_64 | OK | |||||
r-release-macos-arm64 | 2.2.0 | 26.00 | OK | |||
r-release-macos-x86_64 | 2.2.0 | 49.00 | OK | |||
r-release-windows-x86_64 | 2.2.0 | 8.00 | 87.00 | 95.00 | OK | |
r-oldrel-macos-arm64 | 2.2.0 | 36.00 | OK | |||
r-oldrel-macos-x86_64 | 2.2.0 | 59.00 | OK | |||
r-oldrel-windows-x86_64 | 2.2.0 | 8.00 | 100.00 | 108.00 | OK |
Version: 2.2.0
Check: examples
Result: NOTE
Examples with CPU (user + system) or elapsed time > 5s
user system elapsed
combinatorial_round 3.937 0.062 5.277
Flavor: r-devel-linux-x86_64-debian-clang
These binaries (installable software) and packages are in development.
They may not be fully stable and should be used with caution. We make no claims about them.