Last updated on 2025-10-23 09:50:53 CEST.
Flavor | Version | Tinstall | Tcheck | Ttotal | Status | Flags |
---|---|---|---|---|---|---|
r-devel-linux-x86_64-debian-clang | 2.0.9 | 111.18 | 247.83 | 359.01 | OK | |
r-devel-linux-x86_64-debian-gcc | 2.0.9 | 63.74 | 182.46 | 246.20 | OK | |
r-devel-linux-x86_64-fedora-clang | 2.0.9 | 216.00 | 394.18 | 610.18 | OK | |
r-devel-linux-x86_64-fedora-gcc | 2.0.9 | 184.00 | 377.71 | 561.71 | OK | |
r-devel-windows-x86_64 | 2.0.9 | 129.00 | 246.00 | 375.00 | OK | |
r-patched-linux-x86_64 | 2.0.9 | 104.67 | 241.16 | 345.83 | OK | |
r-release-linux-x86_64 | 2.0.9 | 105.54 | 235.95 | 341.49 | OK | |
r-release-macos-arm64 | 2.0.9 | 38.00 | 121.00 | 159.00 | OK | |
r-release-macos-x86_64 | 2.0.9 | 39.00 | 210.00 | 249.00 | OK | |
r-release-windows-x86_64 | 2.0.9 | 138.00 | 247.00 | 385.00 | OK | |
r-oldrel-macos-arm64 | 2.0.9 | 47.00 | 135.00 | 182.00 | NOTE | |
r-oldrel-macos-x86_64 | 2.0.9 | 54.00 | 301.00 | 355.00 | NOTE | |
r-oldrel-windows-x86_64 | 2.0.9 | 157.00 | 321.00 | 478.00 | OK |
Version: 2.0.9
Check: installed package size
Result: NOTE
installed size is 6.0Mb
sub-directories of 1Mb or more:
extdata 1.8Mb
libs 3.1Mb
Flavors: r-oldrel-macos-arm64, r-oldrel-macos-x86_64
These binaries (installable software) and packages are in development.
They may not be fully stable and should be used with caution. We make no claims about them.