Last updated on 2025-07-02 03:50:47 CEST.
Flavor | Version | Tinstall | Tcheck | Ttotal | Status | Flags |
---|---|---|---|---|---|---|
r-devel-linux-x86_64-debian-clang | 2.0.9 | 114.37 | 230.60 | 344.97 | OK | |
r-devel-linux-x86_64-debian-gcc | 2.0.9 | 74.84 | 188.06 | 262.90 | OK | |
r-devel-linux-x86_64-fedora-clang | 2.0.9 | 620.13 | OK | |||
r-devel-linux-x86_64-fedora-gcc | 2.0.9 | 534.33 | OK | |||
r-devel-windows-x86_64 | 2.0.9 | 130.00 | 250.00 | 380.00 | OK | |
r-patched-linux-x86_64 | OK | |||||
r-release-linux-x86_64 | 2.0.9 | 104.76 | 222.18 | 326.94 | OK | |
r-release-macos-arm64 | 2.0.9 | 159.00 | OK | |||
r-release-macos-x86_64 | 2.0.9 | 249.00 | OK | |||
r-release-windows-x86_64 | 2.0.9 | 133.00 | 244.00 | 377.00 | OK | |
r-oldrel-macos-arm64 | 2.0.9 | 182.00 | NOTE | |||
r-oldrel-macos-x86_64 | 2.0.9 | 355.00 | NOTE | |||
r-oldrel-windows-x86_64 | 2.0.9 | 153.00 | 324.00 | 477.00 | OK |
Version: 2.0.9
Check: installed package size
Result: NOTE
installed size is 6.0Mb
sub-directories of 1Mb or more:
extdata 1.8Mb
libs 3.1Mb
Flavors: r-oldrel-macos-arm64, r-oldrel-macos-x86_64
These binaries (installable software) and packages are in development.
They may not be fully stable and should be used with caution. We make no claims about them.