CRAN Package Check Results for Package optiSolve

Last updated on 2025-05-01 08:52:40 CEST.

Flavor Version Tinstall Tcheck Ttotal Status Flags
r-devel-linux-x86_64-debian-clang 1.0 8.29 77.91 86.20 NOTE
r-devel-linux-x86_64-debian-gcc 1.0 6.18 59.97 66.15 NOTE
r-devel-linux-x86_64-fedora-clang 1.0 139.30 NOTE
r-devel-linux-x86_64-fedora-gcc 1.0 136.83 NOTE
r-devel-windows-x86_64 1.0 11.00 96.00 107.00 OK
r-patched-linux-x86_64 1.0 9.28 76.22 85.50 OK
r-release-linux-x86_64 OK
r-release-macos-arm64 1.0 50.00 OK
r-release-macos-x86_64 1.0 80.00 OK
r-release-windows-x86_64 1.0 11.00 98.00 109.00 OK
r-oldrel-macos-arm64 1.0 43.00 OK
r-oldrel-macos-x86_64 1.0 60.00 OK
r-oldrel-windows-x86_64 1.0 12.00 108.00 120.00 OK

Check Details

Version: 1.0
Check: CRAN incoming feasibility
Result: NOTE Maintainer: ‘Robin Wellmann <r.wellmann@uni-hohenheim.de>’ No Authors@R field in DESCRIPTION. Please add one, modifying Authors@R: person(given = "Robin", family = "Wellmann", role = c("aut", "cre"), email = "r.wellmann@uni-hohenheim.de") as necessary. Flavors: r-devel-linux-x86_64-debian-clang, r-devel-linux-x86_64-debian-gcc

Version: 1.0
Check: dependencies in R code
Result: NOTE Namespace in Imports field not imported from: ‘Matrix’ All declared Imports should be used. Flavors: r-devel-linux-x86_64-fedora-clang, r-devel-linux-x86_64-fedora-gcc

These binaries (installable software) and packages are in development.
They may not be fully stable and should be used with caution. We make no claims about them.