Last updated on 2025-11-11 15:50:41 CET.
| Flavor | Version | Tinstall | Tcheck | Ttotal | Status | Flags |
|---|---|---|---|---|---|---|
| r-devel-linux-x86_64-debian-clang | 1.7.1 | 4.35 | 71.63 | 75.98 | NOTE | |
| r-devel-linux-x86_64-debian-gcc | 1.7.1 | 2.62 | 42.77 | 45.39 | NOTE | |
| r-devel-linux-x86_64-fedora-clang | 1.7.1 | 113.80 | NOTE | |||
| r-devel-linux-x86_64-fedora-gcc | 1.7.1 | 111.65 | NOTE | |||
| r-devel-windows-x86_64 | 1.7.1 | 5.00 | 71.00 | 76.00 | NOTE | |
| r-patched-linux-x86_64 | 1.7.1 | 3.75 | 59.89 | 63.64 | NOTE | |
| r-release-linux-x86_64 | 1.7.1 | 3.78 | 62.18 | 65.96 | NOTE | |
| r-release-macos-arm64 | 1.7.1 | 2.00 | 25.00 | 27.00 | NOTE | |
| r-release-macos-x86_64 | 1.7.1 | 5.00 | 56.00 | 61.00 | NOTE | |
| r-release-windows-x86_64 | 1.7.1 | 6.00 | 69.00 | 75.00 | NOTE | |
| r-oldrel-macos-arm64 | 1.7.1 | 2.00 | 26.00 | 28.00 | NOTE | |
| r-oldrel-macos-x86_64 | 1.7.1 | 3.00 | 37.00 | 40.00 | NOTE | |
| r-oldrel-windows-x86_64 | 1.7.1 | 5.00 | 68.00 | 73.00 | NOTE |
Version: 1.7.1
Check: Rd files
Result: NOTE
checkRd: (-1) drawdesign.Rd:39: Lost braces in \itemize; meant \describe ?
checkRd: (-1) drawdesign.Rd:40: Lost braces in \itemize; meant \describe ?
checkRd: (-1) drawdesign.Rd:41: Lost braces in \itemize; meant \describe ?
checkRd: (-1) drawdesign.Rd:42: Lost braces in \itemize; meant \describe ?
checkRd: (-1) drawdesign.Rd:43: Lost braces in \itemize; meant \describe ?
checkRd: (-1) drawdesign.Rd:44: Lost braces in \itemize; meant \describe ?
Flavors: r-devel-linux-x86_64-debian-clang, r-devel-linux-x86_64-debian-gcc, r-devel-linux-x86_64-fedora-clang, r-devel-linux-x86_64-fedora-gcc, r-devel-windows-x86_64, r-patched-linux-x86_64, r-release-linux-x86_64, r-release-macos-arm64, r-release-macos-x86_64, r-release-windows-x86_64, r-oldrel-macos-arm64, r-oldrel-macos-x86_64, r-oldrel-windows-x86_64
These binaries (installable software) and packages are in development.
They may not be fully stable and should be used with caution. We make no claims about them.