Last updated on 2025-05-01 14:49:17 CEST.
Flavor | Version | Tinstall | Tcheck | Ttotal | Status | Flags |
---|---|---|---|---|---|---|
r-devel-linux-x86_64-debian-clang | 0.1-3 | 8.44 | 234.33 | 242.77 | NOTE | |
r-devel-linux-x86_64-debian-gcc | 0.1-3 | 6.82 | 156.07 | 162.89 | NOTE | |
r-devel-linux-x86_64-fedora-clang | 0.1-3 | 384.16 | OK | |||
r-devel-linux-x86_64-fedora-gcc | 0.1-3 | 376.99 | OK | |||
r-devel-windows-x86_64 | 0.1-3 | 11.00 | 396.00 | 407.00 | OK | |
r-patched-linux-x86_64 | 0.1-3 | 10.89 | 218.29 | 229.18 | OK | |
r-release-linux-x86_64 | OK | |||||
r-release-macos-arm64 | 0.1-3 | 141.00 | OK | |||
r-release-macos-x86_64 | 0.1-3 | 290.00 | OK | |||
r-release-windows-x86_64 | 0.1-3 | 10.00 | 398.00 | 408.00 | OK | |
r-oldrel-macos-arm64 | 0.1-3 | 146.00 | OK | |||
r-oldrel-macos-x86_64 | 0.1-3 | 247.00 | OK | |||
r-oldrel-windows-x86_64 | 0.1-3 | 12.00 | 463.00 | 475.00 | OK |
Version: 0.1-3
Check: CRAN incoming feasibility
Result: NOTE
Maintainer: ‘Peter Solymos <psolymos@gmail.com>’
No Authors@R field in DESCRIPTION.
Please add one, modifying
Authors@R: c(person(given = "Peter",
family = "Solymos",
role = c("cre", "aut"),
email = "psolymos@gmail.com",
comment = c(ORCID = "0000-0001-7337-1740")),
person(given = c("Ermias", "T."),
family = "Azeria",
role = "ctb"))
as necessary.
Flavors: r-devel-linux-x86_64-debian-clang, r-devel-linux-x86_64-debian-gcc
These binaries (installable software) and packages are in development.
They may not be fully stable and should be used with caution. We make no claims about them.