Last updated on 2025-02-16 08:50:56 CET.
Flavor | Version | Tinstall | Tcheck | Ttotal | Status | Flags |
---|---|---|---|---|---|---|
r-devel-linux-x86_64-debian-clang | 0.9.2.1 | 2.09 | 27.44 | 29.53 | NOTE | |
r-devel-linux-x86_64-debian-gcc | 0.9.2.1 | 1.70 | 22.23 | 23.93 | NOTE | |
r-devel-linux-x86_64-fedora-clang | 0.9.2.1 | 50.08 | NOTE | |||
r-devel-linux-x86_64-fedora-gcc | 0.9.2.1 | 59.97 | NOTE | |||
r-devel-macos-arm64 | 0.9.2.1 | 24.00 | NOTE | |||
r-devel-macos-x86_64 | 0.9.2.1 | 42.00 | NOTE | |||
r-devel-windows-x86_64 | 0.9.2.1 | 3.00 | 53.00 | 56.00 | NOTE | |
r-patched-linux-x86_64 | 0.9.2.1 | 2.04 | 26.22 | 28.26 | NOTE | |
r-release-linux-x86_64 | 0.9.2.1 | 1.99 | 26.55 | 28.54 | NOTE | |
r-release-macos-arm64 | 0.9.2.1 | 26.00 | NOTE | |||
r-release-macos-x86_64 | 0.9.2.1 | 33.00 | NOTE | |||
r-release-windows-x86_64 | 0.9.2.1 | 3.00 | 55.00 | 58.00 | NOTE | |
r-oldrel-macos-arm64 | 0.9.2.1 | 29.00 | OK | |||
r-oldrel-macos-x86_64 | 0.9.2.1 | 37.00 | OK | |||
r-oldrel-windows-x86_64 | 0.9.2.1 | 3.00 | 80.00 | 83.00 | OK |
Version: 0.9.2.1
Check: Rd files
Result: NOTE
checkRd: (-1) gnu_style.Rd:24: Lost braces
24 | [GNU Command Line Standards]{http://www.gnu.org/prep/standards/standards.html}
| ^
Flavors: r-devel-linux-x86_64-debian-clang, r-devel-linux-x86_64-debian-gcc, r-devel-linux-x86_64-fedora-clang, r-devel-linux-x86_64-fedora-gcc, r-devel-macos-arm64, r-devel-macos-x86_64, r-devel-windows-x86_64, r-patched-linux-x86_64, r-release-linux-x86_64, r-release-macos-arm64, r-release-macos-x86_64, r-release-windows-x86_64
These binaries (installable software) and packages are in development.
They may not be fully stable and should be used with caution. We make no claims about them.