CRAN Package Check Results for Package optim.functions

Last updated on 2025-05-03 22:50:02 CEST.

Flavor Version Tinstall Tcheck Ttotal Status Flags
r-devel-linux-x86_64-debian-clang 0.1 2.30 19.37 21.67 OK
r-devel-linux-x86_64-debian-gcc 0.1 1.75 15.99 17.74 OK
r-devel-linux-x86_64-fedora-clang 0.1 34.43 OK
r-devel-linux-x86_64-fedora-gcc 0.1 32.25 OK
r-devel-windows-x86_64 0.1 3.00 46.00 49.00 OK
r-patched-linux-x86_64 0.1 1.98 18.57 20.55 OK
r-release-linux-x86_64 OK
r-release-macos-arm64 0.1 19.00 OK
r-release-macos-x86_64 0.1 27.00 OK
r-release-windows-x86_64 0.1 3.00 47.00 50.00 OK
r-oldrel-macos-arm64 0.1 18.00 NOTE
r-oldrel-macos-x86_64 0.1 23.00 NOTE
r-oldrel-windows-x86_64 0.1 4.00 50.00 54.00 NOTE

Check Details

Version: 0.1
Check: LazyData
Result: NOTE 'LazyData' is specified without a 'data' directory Flavors: r-oldrel-macos-arm64, r-oldrel-macos-x86_64, r-oldrel-windows-x86_64

These binaries (installable software) and packages are in development.
They may not be fully stable and should be used with caution. We make no claims about them.