CRAN Package Check Results for Package optimization

Last updated on 2025-07-02 03:50:47 CEST.

Flavor Version Tinstall Tcheck Ttotal Status Flags
r-devel-linux-x86_64-debian-clang 1.0-9 12.90 32.69 45.59 NOTE
r-devel-linux-x86_64-debian-gcc 1.0-9 9.25 25.07 34.32 NOTE
r-devel-linux-x86_64-fedora-clang 1.0-9 79.42 OK
r-devel-linux-x86_64-fedora-gcc 1.0-9 86.19 OK
r-devel-windows-x86_64 1.0-9 16.00 68.00 84.00 OK
r-patched-linux-x86_64 OK
r-release-linux-x86_64 1.0-9 12.87 30.68 43.55 OK
r-release-macos-arm64 1.0-9 30.00 OK
r-release-macos-x86_64 1.0-9 53.00 OK
r-release-windows-x86_64 1.0-9 16.00 69.00 85.00 OK
r-oldrel-macos-arm64 1.0-9 28.00 OK
r-oldrel-macos-x86_64 1.0-9 50.00 OK
r-oldrel-windows-x86_64 1.0-9 19.00 81.00 100.00 OK

Check Details

Version: 1.0-9
Check: CRAN incoming feasibility
Result: NOTE Maintainer: ‘Kai Husmann <kai.husmann@uni-goettingen.de>’ Package CITATION file contains call(s) to old-style citEntry(). Please use bibentry() instead. Flavors: r-devel-linux-x86_64-debian-clang, r-devel-linux-x86_64-debian-gcc

These binaries (installable software) and packages are in development.
They may not be fully stable and should be used with caution. We make no claims about them.