Last updated on 2025-10-23 23:49:38 CEST.
| Flavor | Version | Tinstall | Tcheck | Ttotal | Status | Flags |
|---|---|---|---|---|---|---|
| r-devel-linux-x86_64-debian-clang | 1.0-9 | 12.22 | 33.89 | 46.11 | NOTE | |
| r-devel-linux-x86_64-debian-gcc | 1.0-9 | 9.10 | 25.56 | 34.66 | NOTE | |
| r-devel-linux-x86_64-fedora-clang | 1.0-9 | 34.00 | 43.09 | 77.09 | OK | |
| r-devel-linux-x86_64-fedora-gcc | 1.0-9 | 29.00 | 58.16 | 87.16 | OK | |
| r-devel-windows-x86_64 | 1.0-9 | 16.00 | 65.00 | 81.00 | OK | |
| r-patched-linux-x86_64 | 1.0-9 | 12.50 | 31.92 | 44.42 | OK | |
| r-release-linux-x86_64 | 1.0-9 | 12.46 | 31.86 | 44.32 | OK | |
| r-release-macos-arm64 | 1.0-9 | 6.00 | 24.00 | 30.00 | OK | |
| r-release-macos-x86_64 | 1.0-9 | 11.00 | 42.00 | 53.00 | OK | |
| r-release-windows-x86_64 | 1.0-9 | 17.00 | 70.00 | 87.00 | OK | |
| r-oldrel-macos-arm64 | 1.0-9 | 6.00 | 22.00 | 28.00 | OK | |
| r-oldrel-macos-x86_64 | 1.0-9 | 8.00 | 42.00 | 50.00 | OK | |
| r-oldrel-windows-x86_64 | 1.0-9 | 18.00 | 82.00 | 100.00 | OK |
Version: 1.0-9
Check: CRAN incoming feasibility
Result: NOTE
Maintainer: ‘Kai Husmann <kai.husmann@uni-goettingen.de>’
Package CITATION file contains call(s) to old-style citEntry(). Please
use bibentry() instead.
Flavors: r-devel-linux-x86_64-debian-clang, r-devel-linux-x86_64-debian-gcc
These binaries (installable software) and packages are in development.
They may not be fully stable and should be used with caution. We make no claims about them.