Last updated on 2025-02-16 08:50:56 CET.
Flavor | Version | Tinstall | Tcheck | Ttotal | Status | Flags |
---|---|---|---|---|---|---|
r-devel-linux-x86_64-debian-clang | 0.10.8 | 39.25 | 207.86 | 247.11 | OK | |
r-devel-linux-x86_64-debian-gcc | 0.10.8 | 25.70 | 136.76 | 162.46 | OK | |
r-devel-linux-x86_64-fedora-clang | 0.10.8 | 406.54 | OK | |||
r-devel-linux-x86_64-fedora-gcc | 0.10.8 | 409.73 | OK | |||
r-devel-macos-arm64 | 0.10.8 | 119.00 | OK | |||
r-devel-macos-x86_64 | 0.10.8 | 235.00 | OK | |||
r-devel-windows-x86_64 | 0.10.8 | 43.00 | 210.00 | 253.00 | OK | |
r-patched-linux-x86_64 | 0.10.8 | 39.45 | 190.32 | 229.77 | NOTE | |
r-release-linux-x86_64 | 0.10.8 | 37.37 | 192.24 | 229.61 | NOTE | |
r-release-macos-arm64 | 0.10.8 | 110.00 | NOTE | |||
r-release-macos-x86_64 | 0.10.8 | 225.00 | NOTE | |||
r-release-windows-x86_64 | 0.10.8 | 44.00 | 211.00 | 255.00 | NOTE | |
r-oldrel-macos-arm64 | 0.10.8 | 113.00 | NOTE | |||
r-oldrel-macos-x86_64 | 0.10.8 | 201.00 | NOTE | |||
r-oldrel-windows-x86_64 | 0.10.8 | 54.00 | 295.00 | 349.00 | NOTE |
Version: 0.10.8
Check: package dependencies
Result: NOTE
Package suggested but not available for checking: ‘rrelaxiv’
Flavors: r-patched-linux-x86_64, r-release-linux-x86_64, r-release-macos-arm64, r-release-macos-x86_64, r-release-windows-x86_64, r-oldrel-macos-arm64, r-oldrel-macos-x86_64, r-oldrel-windows-x86_64
These binaries (installable software) and packages are in development.
They may not be fully stable and should be used with caution. We make no claims about them.