Last updated on 2025-02-16 08:50:56 CET.
Flavor | Version | Tinstall | Tcheck | Ttotal | Status | Flags |
---|---|---|---|---|---|---|
r-devel-linux-x86_64-debian-clang | 1.0.0 | 10.85 | 70.66 | 81.51 | NOTE | |
r-devel-linux-x86_64-debian-gcc | 1.0.0 | 8.15 | 52.29 | 60.44 | NOTE | |
r-devel-linux-x86_64-fedora-clang | 1.0.0 | 133.20 | NOTE | |||
r-devel-linux-x86_64-fedora-gcc | 1.0.0 | 127.41 | NOTE | |||
r-devel-macos-arm64 | 1.0.0 | 51.00 | OK | |||
r-devel-macos-x86_64 | 1.0.0 | 77.00 | OK | |||
r-devel-windows-x86_64 | 1.0.0 | 11.00 | 78.00 | 89.00 | NOTE | |
r-patched-linux-x86_64 | 1.0.0 | 12.73 | 65.92 | 78.65 | NOTE | |
r-release-linux-x86_64 | 1.0.0 | 10.04 | 67.02 | 77.06 | NOTE | |
r-release-macos-arm64 | 1.0.0 | 48.00 | OK | |||
r-release-macos-x86_64 | 1.0.0 | 65.00 | OK | |||
r-release-windows-x86_64 | 1.0.0 | 11.00 | 90.00 | 101.00 | OK | |
r-oldrel-macos-arm64 | 1.0.0 | 44.00 | OK | |||
r-oldrel-macos-x86_64 | 1.0.0 | 67.00 | OK | |||
r-oldrel-windows-x86_64 | 1.0.0 | 13.00 | 91.00 | 104.00 | OK |
Version: 1.0.0
Check: Rd cross-references
Result: NOTE
Found the following Rd file(s) with Rd \link{} targets missing package
anchors:
graphoptrcd.mae.Rd: igraph
Please provide package anchors for all Rd \link{} targets not in the
package itself and the base packages.
Flavors: r-devel-linux-x86_64-debian-clang, r-devel-linux-x86_64-debian-gcc, r-devel-windows-x86_64
Version: 1.0.0
Check: for non-standard things in the check directory
Result: NOTE
Found the following files/directories:
‘Graph_layout_Doptrcd_trtE’
Flavors: r-devel-linux-x86_64-debian-clang, r-devel-linux-x86_64-debian-gcc, r-devel-linux-x86_64-fedora-clang, r-devel-linux-x86_64-fedora-gcc, r-patched-linux-x86_64, r-release-linux-x86_64
These binaries (installable software) and packages are in development.
They may not be fully stable and should be used with caution. We make no claims about them.