CRAN Package Check Results for Package opusminer

Last updated on 2025-05-08 04:52:13 CEST.

Flavor Version Tinstall Tcheck Ttotal Status Flags
r-devel-linux-x86_64-debian-clang 0.1-1 31.69 65.27 96.96 OK
r-devel-linux-x86_64-debian-gcc 0.1-1 23.52 48.58 72.10 OK
r-devel-linux-x86_64-fedora-clang 0.1-1 193.86 OK
r-devel-linux-x86_64-fedora-gcc 0.1-1 166.01 OK
r-devel-windows-x86_64 0.1-1 42.00 90.00 132.00 OK
r-patched-linux-x86_64 0.1-1 33.06 62.74 95.80 OK
r-release-linux-x86_64 0.1-1 32.55 62.21 94.76 OK
r-release-macos-arm64 0.1-1 48.00 OK
r-release-macos-x86_64 0.1-1 82.00 OK
r-release-windows-x86_64 0.1-1 41.00 91.00 132.00 OK
r-oldrel-macos-arm64 0.1-1 45.00 NOTE
r-oldrel-macos-x86_64 0.1-1 73.00 NOTE
r-oldrel-windows-x86_64 0.1-1 48.00 114.00 162.00 NOTE

Check Details

Version: 0.1-1
Check: LazyData
Result: NOTE 'LazyData' is specified without a 'data' directory Flavors: r-oldrel-macos-arm64, r-oldrel-macos-x86_64, r-oldrel-windows-x86_64

These binaries (installable software) and packages are in development.
They may not be fully stable and should be used with caution. We make no claims about them.