Last updated on 2025-11-11 15:50:41 CET.
| Flavor | Version | Tinstall | Tcheck | Ttotal | Status | Flags |
|---|---|---|---|---|---|---|
| r-devel-linux-x86_64-debian-clang | 0.8 | 46.68 | 242.72 | 289.40 | OK | |
| r-devel-linux-x86_64-debian-gcc | 0.8 | 33.73 | 171.88 | 205.61 | OK | |
| r-devel-linux-x86_64-fedora-clang | 0.8 | 208.00 | 260.83 | 468.83 | OK | |
| r-devel-linux-x86_64-fedora-gcc | 0.8 | 108.00 | 360.97 | 468.97 | OK | |
| r-devel-windows-x86_64 | 0.8 | 52.00 | 211.00 | 263.00 | OK | |
| r-patched-linux-x86_64 | 0.8 | 42.59 | 228.37 | 270.96 | OK | |
| r-release-linux-x86_64 | 0.8 | 45.38 | 228.67 | 274.05 | OK | |
| r-release-macos-arm64 | 0.8 | 30.00 | 74.00 | 104.00 | OK | |
| r-release-macos-x86_64 | 0.8 | 75.00 | 166.00 | 241.00 | OK | |
| r-release-windows-x86_64 | 0.8 | 47.00 | 211.00 | 258.00 | OK | |
| r-oldrel-macos-arm64 | 0.8 | 27.00 | 73.00 | 100.00 | NOTE | |
| r-oldrel-macos-x86_64 | 0.8 | 80.00 | 148.00 | 228.00 | NOTE | |
| r-oldrel-windows-x86_64 | 0.8 | 71.00 | 287.00 | 358.00 | NOTE |
Version: 0.8
Check: installed package size
Result: NOTE
installed size is 8.0Mb
sub-directories of 1Mb or more:
data 6.0Mb
doc 1.8Mb
Flavors: r-oldrel-macos-arm64, r-oldrel-macos-x86_64, r-oldrel-windows-x86_64
These binaries (installable software) and packages are in development.
They may not be fully stable and should be used with caution. We make no claims about them.