Last updated on 2024-07-27 15:50:28 CEST.
Flavor | Version | Tinstall | Tcheck | Ttotal | Status | Flags |
---|---|---|---|---|---|---|
r-devel-linux-x86_64-debian-clang | 0.7.2 | 60.25 | 342.30 | 402.55 | OK | |
r-devel-linux-x86_64-debian-gcc | 0.7.2 | OK | ||||
r-devel-linux-x86_64-fedora-clang | 0.7.2 | 497.21 | NOTE | |||
r-devel-linux-x86_64-fedora-gcc | 0.7.2 | 499.91 | NOTE | |||
r-devel-windows-x86_64 | 0.7.2 | 49.00 | 220.00 | 269.00 | NOTE | |
r-patched-linux-x86_64 | 0.7.2 | OK | ||||
r-release-linux-x86_64 | 0.7.2 | 44.66 | 321.15 | 365.81 | OK | |
r-release-macos-arm64 | 0.7.2 | 119.00 | NOTE | |||
r-release-macos-x86_64 | 0.7.2 | 184.00 | NOTE | |||
r-release-windows-x86_64 | 0.7.2 | 48.00 | 219.00 | 267.00 | NOTE | |
r-oldrel-macos-arm64 | 0.7.2 | 125.00 | NOTE | |||
r-oldrel-macos-x86_64 | 0.7.2 | 265.00 | NOTE | |||
r-oldrel-windows-x86_64 | 0.7.2 | 60.00 | 306.00 | 366.00 | NOTE |
Version: 0.7.2
Check: installed package size
Result: NOTE
installed size is 5.3Mb
sub-directories of 1Mb or more:
data 4.7Mb
Flavors: r-devel-linux-x86_64-fedora-clang, r-devel-windows-x86_64, r-release-macos-arm64, r-release-macos-x86_64, r-release-windows-x86_64, r-oldrel-macos-arm64, r-oldrel-macos-x86_64, r-oldrel-windows-x86_64
Version: 0.7.2
Check: data for non-ASCII characters
Result: NOTE
Note: found 36 marked UTF-8 strings
Flavors: r-devel-linux-x86_64-fedora-clang, r-devel-linux-x86_64-fedora-gcc
These binaries (installable software) and packages are in development.
They may not be fully stable and should be used with caution. We make no claims about them.