Last updated on 2025-07-26 03:49:57 CEST.
Flavor | Version | Tinstall | Tcheck | Ttotal | Status | Flags |
---|---|---|---|---|---|---|
r-devel-linux-x86_64-debian-clang | 0.8 | 46.46 | 225.50 | 271.96 | OK | |
r-devel-linux-x86_64-debian-gcc | 0.8 | 37.34 | 158.19 | 195.53 | OK | |
r-devel-linux-x86_64-fedora-clang | 0.8 | 449.97 | OK | |||
r-devel-linux-x86_64-fedora-gcc | 0.8 | 425.72 | OK | |||
r-devel-windows-x86_64 | 0.8 | 49.00 | 200.00 | 249.00 | OK | |
r-patched-linux-x86_64 | 0.8 | 44.46 | 214.09 | 258.55 | OK | |
r-release-linux-x86_64 | 0.8 | 45.34 | 216.10 | 261.44 | OK | |
r-release-macos-arm64 | 0.8 | 104.00 | OK | |||
r-release-macos-x86_64 | 0.8 | 241.00 | OK | |||
r-release-windows-x86_64 | 0.8 | 47.00 | 202.00 | 249.00 | OK | |
r-oldrel-macos-arm64 | 0.8 | 100.00 | NOTE | |||
r-oldrel-macos-x86_64 | 0.8 | 228.00 | NOTE | |||
r-oldrel-windows-x86_64 | 0.8 | 68.00 | 268.00 | 336.00 | NOTE |
Version: 0.8
Check: installed package size
Result: NOTE
installed size is 8.0Mb
sub-directories of 1Mb or more:
data 6.0Mb
doc 1.8Mb
Flavors: r-oldrel-macos-arm64, r-oldrel-macos-x86_64, r-oldrel-windows-x86_64
These binaries (installable software) and packages are in development.
They may not be fully stable and should be used with caution. We make no claims about them.