CRAN Package Check Results for Package orders

Last updated on 2025-10-09 21:50:24 CEST.

Flavor Version Tinstall Tcheck Ttotal Status Flags
r-devel-linux-x86_64-debian-clang 0.1.8 4.18 39.15 43.33 NOTE
r-devel-linux-x86_64-debian-gcc 0.1.8 3.04 30.15 33.19 NOTE
r-devel-linux-x86_64-fedora-clang 0.1.8 63.33 OK
r-devel-linux-x86_64-fedora-gcc 0.1.8 60.74 OK
r-devel-windows-x86_64 0.1.8 6.00 62.00 68.00 OK
r-patched-linux-x86_64 0.1.8 4.91 37.07 41.98 OK
r-release-linux-x86_64 0.1.8 3.39 37.27 40.66 OK
r-release-macos-arm64 0.1.8 25.00 OK
r-release-macos-x86_64 0.1.8 45.00 OK
r-release-windows-x86_64 0.1.8 6.00 161.00 167.00 OK
r-oldrel-macos-arm64 0.1.8 23.00 OK
r-oldrel-macos-x86_64 0.1.8 47.00 OK
r-oldrel-windows-x86_64 0.1.8 5.00 70.00 75.00 OK

Check Details

Version: 0.1.8
Check: CRAN incoming feasibility
Result: NOTE Maintainer: ‘Carlos Alberto Cardozo Delgado <cardozorpackages@gmail.com>’ No Authors@R field in DESCRIPTION. Please add one, modifying Authors@R: person(given = c("Carlos", "Alberto", "Cardozo"), family = "Delgado", role = c("aut", "cre"), email = "cardozorpackages@gmail.com") as necessary. Flavors: r-devel-linux-x86_64-debian-clang, r-devel-linux-x86_64-debian-gcc

These binaries (installable software) and packages are in development.
They may not be fully stable and should be used with caution. We make no claims about them.