Last updated on 2025-11-13 21:50:04 CET.
| Flavor | Version | Tinstall | Tcheck | Ttotal | Status | Flags |
|---|---|---|---|---|---|---|
| r-devel-linux-x86_64-debian-clang | 1.0 | 6.87 | 63.38 | 70.25 | NOTE | |
| r-devel-linux-x86_64-debian-gcc | 1.0 | 5.02 | 45.44 | 50.46 | NOTE | |
| r-devel-linux-x86_64-fedora-clang | 1.0 | 14.00 | 94.06 | 108.06 | OK | |
| r-devel-linux-x86_64-fedora-gcc | 1.0 | 14.00 | 95.81 | 109.81 | OK | |
| r-devel-windows-x86_64 | 1.0 | 7.00 | 71.00 | 78.00 | OK | |
| r-patched-linux-x86_64 | 1.0 | 7.05 | 60.37 | 67.42 | OK | |
| r-release-linux-x86_64 | 1.0 | 6.99 | 60.83 | 67.82 | OK | |
| r-release-macos-arm64 | 1.0 | 4.00 | 34.00 | 38.00 | OK | |
| r-release-macos-x86_64 | 1.0 | 6.00 | 69.00 | 75.00 | OK | |
| r-release-windows-x86_64 | 1.0 | 7.00 | 72.00 | 79.00 | OK | |
| r-oldrel-macos-arm64 | 1.0 | 3.00 | 30.00 | 33.00 | OK | |
| r-oldrel-macos-x86_64 | 1.0 | 6.00 | 46.00 | 52.00 | OK | |
| r-oldrel-windows-x86_64 | 1.0 | 10.00 | 90.00 | 100.00 | OK |
Version: 1.0
Check: CRAN incoming feasibility
Result: NOTE
Maintainer: ‘James A. Fordyce <jfordyce@utk.edu>’
No Authors@R field in DESCRIPTION.
Please add one, modifying
Authors@R: c(person(given = "James",
family = "Fordyce",
role = "aut"),
person(given = c("James", "A."),
family = "Fordyce",
role = "cre",
email = "jfordyce@utk.edu"))
as necessary.
Flavors: r-devel-linux-x86_64-debian-clang, r-devel-linux-x86_64-debian-gcc
These binaries (installable software) and packages are in development.
They may not be fully stable and should be used with caution. We make no claims about them.