Last updated on 2025-02-16 08:50:56 CET.
Flavor | Version | Tinstall | Tcheck | Ttotal | Status | Flags |
---|---|---|---|---|---|---|
r-devel-linux-x86_64-debian-clang | 2.4-4 | 58.53 | 28.62 | 87.15 | OK | |
r-devel-linux-x86_64-debian-gcc | 2.4-4 | 42.88 | 21.99 | 64.87 | OK | |
r-devel-linux-x86_64-fedora-clang | 2.4-4 | 187.16 | OK | |||
r-devel-linux-x86_64-fedora-gcc | 2.4-4 | 178.34 | OK | |||
r-devel-macos-arm64 | 2.4-4 | 42.00 | OK | |||
r-devel-macos-x86_64 | 2.4-4 | 49.00 | OK | |||
r-devel-windows-x86_64 | 2.4-4 | 71.00 | 74.00 | 145.00 | OK | |
r-patched-linux-x86_64 | 2.4-4 | 59.98 | 27.08 | 87.06 | OK | |
r-release-linux-x86_64 | 2.4-4 | 58.08 | 27.07 | 85.15 | OK | |
r-release-macos-arm64 | 2.4-4 | 44.00 | NOTE | |||
r-release-macos-x86_64 | 2.4-4 | 58.00 | NOTE | |||
r-release-windows-x86_64 | 2.4-4 | 69.00 | 70.00 | 139.00 | OK | |
r-oldrel-macos-arm64 | 2.4-4 | 49.00 | NOTE | |||
r-oldrel-macos-x86_64 | 2.4-4 | 63.00 | NOTE | |||
r-oldrel-windows-x86_64 | 2.4-4 | 79.00 | 72.00 | 151.00 | OK |
Version: 2.4-4
Check: installed package size
Result: NOTE
installed size is 5.7Mb
sub-directories of 1Mb or more:
libs 5.6Mb
Flavors: r-release-macos-arm64, r-release-macos-x86_64, r-oldrel-macos-arm64, r-oldrel-macos-x86_64
These binaries (installable software) and packages are in development.
They may not be fully stable and should be used with caution. We make no claims about them.