Last updated on 2025-11-11 15:50:41 CET.
| Flavor | Version | Tinstall | Tcheck | Ttotal | Status | Flags |
|---|---|---|---|---|---|---|
| r-devel-linux-x86_64-debian-clang | 2.4-4 | 57.84 | 30.33 | 88.17 | OK | |
| r-devel-linux-x86_64-debian-gcc | 2.4-4 | 39.29 | 23.90 | 63.19 | OK | |
| r-devel-linux-x86_64-fedora-clang | 2.4-4 | 132.00 | 50.08 | 182.08 | OK | |
| r-devel-linux-x86_64-fedora-gcc | 2.4-4 | 135.00 | 26.93 | 161.93 | OK | |
| r-devel-windows-x86_64 | 2.4-4 | 79.00 | 67.00 | 146.00 | OK | |
| r-patched-linux-x86_64 | 2.4-4 | 60.40 | 29.39 | 89.79 | OK | |
| r-release-linux-x86_64 | 2.4-4 | 60.75 | 29.27 | 90.02 | OK | |
| r-release-macos-arm64 | 2.4-4 | 27.00 | 21.00 | 48.00 | OK | |
| r-release-macos-x86_64 | 2.4-4 | 23.00 | 28.00 | 51.00 | OK | |
| r-release-windows-x86_64 | 2.4-4 | 73.00 | 66.00 | 139.00 | OK | |
| r-oldrel-macos-arm64 | 2.4-4 | 26.00 | 18.00 | 44.00 | NOTE | |
| r-oldrel-macos-x86_64 | 2.4-4 | 16.00 | 42.00 | 58.00 | NOTE | |
| r-oldrel-windows-x86_64 | 2.4-4 | 87.00 | 82.00 | 169.00 | OK |
Version: 2.4-4
Check: installed package size
Result: NOTE
installed size is 5.7Mb
sub-directories of 1Mb or more:
libs 5.6Mb
Flavors: r-oldrel-macos-arm64, r-oldrel-macos-x86_64
These binaries (installable software) and packages are in development.
They may not be fully stable and should be used with caution. We make no claims about them.