Last updated on 2024-07-27 15:50:28 CEST.
Flavor | Version | Tinstall | Tcheck | Ttotal | Status | Flags |
---|---|---|---|---|---|---|
r-devel-linux-x86_64-debian-clang | 2.4-3 | 76.72 | 35.77 | 112.49 | OK | |
r-devel-linux-x86_64-debian-gcc | 2.4-3 | OK | ||||
r-devel-linux-x86_64-fedora-clang | 2.4-3 | 219.09 | OK | |||
r-devel-linux-x86_64-fedora-gcc | 2.4-3 | 173.58 | OK | |||
r-devel-windows-x86_64 | 2.4-3 | 70.00 | 74.00 | 144.00 | OK | |
r-patched-linux-x86_64 | 2.4-3 | OK | ||||
r-release-linux-x86_64 | 2.4-3 | 70.06 | 35.29 | 105.35 | OK | |
r-release-macos-arm64 | 2.4-3 | 45.00 | NOTE | |||
r-release-macos-x86_64 | 2.4-3 | 52.00 | NOTE | |||
r-release-windows-x86_64 | 2.4-3 | 82.00 | 65.00 | 147.00 | OK | |
r-oldrel-macos-arm64 | 2.4-3 | 50.00 | NOTE | |||
r-oldrel-macos-x86_64 | 2.4-3 | 84.00 | NOTE | |||
r-oldrel-windows-x86_64 | 2.4-3 | 79.00 | 77.00 | 156.00 | OK |
Version: 2.4-3
Check: installed package size
Result: NOTE
installed size is 5.7Mb
sub-directories of 1Mb or more:
libs 5.6Mb
Flavors: r-release-macos-arm64, r-release-macos-x86_64, r-oldrel-macos-arm64, r-oldrel-macos-x86_64
These binaries (installable software) and packages are in development.
They may not be fully stable and should be used with caution. We make no claims about them.