Last updated on 2025-10-31 05:48:49 CET.
| Flavor | Version | Tinstall | Tcheck | Ttotal | Status | Flags | 
|---|---|---|---|---|---|---|
| r-devel-linux-x86_64-debian-clang | 1.1 | 2.69 | 26.07 | 28.76 | NOTE | |
| r-devel-linux-x86_64-debian-gcc | 1.1 | 1.99 | 20.71 | 22.70 | NOTE | |
| r-devel-linux-x86_64-fedora-clang | 1.1 | 42.77 | OK | |||
| r-devel-linux-x86_64-fedora-gcc | 1.1 | 41.39 | OK | |||
| r-devel-windows-x86_64 | 1.1 | 3.00 | 45.00 | 48.00 | OK | |
| r-patched-linux-x86_64 | 1.1 | 2.35 | 24.72 | 27.07 | OK | |
| r-release-linux-x86_64 | 1.1 | 2.48 | 25.01 | 27.49 | OK | |
| r-release-macos-arm64 | 1.1 | 2.00 | 18.00 | 20.00 | OK | |
| r-release-macos-x86_64 | 1.1 | 3.00 | 29.00 | 32.00 | OK | |
| r-release-windows-x86_64 | 1.1 | 5.00 | 48.00 | 53.00 | OK | |
| r-oldrel-macos-arm64 | 1.1 | 1.00 | 16.00 | 17.00 | OK | |
| r-oldrel-macos-x86_64 | 1.1 | 2.00 | 21.00 | 23.00 | OK | |
| r-oldrel-windows-x86_64 | 1.1 | 5.00 | 54.00 | 59.00 | OK | 
Version: 1.1
Check: CRAN incoming feasibility
Result: NOTE
  Maintainer: ‘Ken Ryan <kjryan@mail.wvu.edu>’
  
  No Authors@R field in DESCRIPTION.
  Please add one, modifying
    Authors@R: person(given = "Ken",
                      family = "Ryan",
                      role = c("aut", "cre"),
                      email = "kjryan@mail.wvu.edu")
  as necessary.
  
  Package CITATION file contains call(s) to old-style personList() or
  as.personList().  Please use c() on person objects instead.
  Package CITATION file contains call(s) to old-style citEntry().  Please
  use bibentry() instead.
Flavors: r-devel-linux-x86_64-debian-clang, r-devel-linux-x86_64-debian-gcc
These binaries (installable software) and packages are in development.
They may not be fully stable and should be used with caution. We make no claims about them.