Last updated on 2024-07-27 15:50:28 CEST.
Flavor | Version | Tinstall | Tcheck | Ttotal | Status | Flags |
---|---|---|---|---|---|---|
r-devel-linux-x86_64-debian-clang | 1.0.8 | 9.96 | 120.00 | 129.96 | OK | |
r-devel-linux-x86_64-debian-gcc | 1.0.8 | OK | ||||
r-devel-linux-x86_64-fedora-clang | 1.0.8 | 159.79 | NOTE | |||
r-devel-linux-x86_64-fedora-gcc | 1.0.8 | 164.33 | OK | |||
r-devel-windows-x86_64 | 1.0.8 | 14.00 | 75.00 | 89.00 | OK | --no-vignettes |
r-patched-linux-x86_64 | 1.0.8 | OK | ||||
r-release-linux-x86_64 | 1.0.8 | 11.85 | 114.15 | 126.00 | OK | |
r-release-macos-arm64 | 1.0.8 | 53.00 | OK | |||
r-release-macos-x86_64 | 1.0.8 | 86.00 | OK | |||
r-release-windows-x86_64 | 1.0.8 | 12.00 | 76.00 | 88.00 | OK | --no-vignettes |
r-oldrel-macos-arm64 | 1.0.8 | 60.00 | OK | |||
r-oldrel-macos-x86_64 | 1.0.8 | 183.00 | OK | |||
r-oldrel-windows-x86_64 | 1.0.8 | 14.00 | 77.00 | 91.00 | OK | --no-vignettes |
Version: 1.0.8
Check: Rd cross-references
Result: NOTE
Undeclared package ‘VGAM’ in Rd xrefs
Flavor: r-devel-linux-x86_64-fedora-clang
These binaries (installable software) and packages are in development.
They may not be fully stable and should be used with caution. We make no claims about them.