Last updated on 2025-05-01 14:49:17 CEST.
Flavor | Version | Tinstall | Tcheck | Ttotal | Status | Flags |
---|---|---|---|---|---|---|
r-devel-linux-x86_64-debian-clang | 0.2.0 | 19.17 | 226.49 | 245.66 | NOTE | |
r-devel-linux-x86_64-debian-gcc | 0.2.0 | 13.84 | 151.59 | 165.43 | OK | |
r-devel-linux-x86_64-fedora-clang | 0.2.0 | 396.47 | OK | |||
r-devel-linux-x86_64-fedora-gcc | 0.2.0 | 364.97 | OK | |||
r-devel-windows-x86_64 | 0.2.0 | 18.00 | 200.00 | 218.00 | OK | |
r-patched-linux-x86_64 | 0.2.0 | 17.36 | 208.90 | 226.26 | OK | |
r-release-linux-x86_64 | OK | |||||
r-release-macos-arm64 | 0.2.0 | 109.00 | OK | |||
r-release-macos-x86_64 | 0.2.0 | 230.00 | OK | |||
r-release-windows-x86_64 | 0.2.0 | 20.00 | 206.00 | 226.00 | OK | |
r-oldrel-macos-arm64 | 0.2.0 | 112.00 | OK | |||
r-oldrel-macos-x86_64 | 0.2.0 | 228.00 | OK | |||
r-oldrel-windows-x86_64 | 0.2.0 | 27.00 | 278.00 | 305.00 | OK |
Version: 0.2.0
Check: examples
Result: NOTE
Examples with CPU (user + system) or elapsed time > 5s
user system elapsed
run_simulations 7.914 0.245 10.085
Flavor: r-devel-linux-x86_64-debian-clang
Version: 0.2.0
Check: examples
Result: NA
user system elapsed
run_simulations 5.165 0.321 7.249
OK
Flavor: r-devel-linux-x86_64-debian-gcc
These binaries (installable software) and packages are in development.
They may not be fully stable and should be used with caution. We make no claims about them.