CRAN Package Check Results for Package ordr

Last updated on 2025-10-23 11:50:21 CEST.

Flavor Version Tinstall Tcheck Ttotal Status Flags
r-devel-linux-x86_64-debian-clang 0.2.0 16.01 149.70 165.71 NOTE
r-devel-linux-x86_64-debian-gcc 0.2.0 9.14 102.15 111.29 OK
r-devel-linux-x86_64-fedora-clang 0.2.0 33.00 211.84 244.84 OK
r-devel-linux-x86_64-fedora-gcc 0.2.0 29.00 223.96 252.96 OK
r-devel-windows-x86_64 0.2.0 16.00 151.00 167.00 OK
r-patched-linux-x86_64 0.2.0 15.88 139.29 155.17 OK
r-release-linux-x86_64 0.2.0 11.95 140.57 152.52 OK
r-release-macos-arm64 0.2.0 6.00 61.00 67.00 OK
r-release-macos-x86_64 0.2.0 11.00 110.00 121.00 OK
r-release-windows-x86_64 0.2.0 17.00 150.00 167.00 OK
r-oldrel-macos-arm64 0.2.0 6.00 65.00 71.00 OK
r-oldrel-macos-x86_64 0.2.0 10.00 113.00 123.00 OK
r-oldrel-windows-x86_64 0.2.0 21.00 195.00 216.00 OK

Check Details

Version: 0.2.0
Check: HTML version of manual
Result: NOTE Found the following HTML validation problems: sync.html:51:1 (sync.Rd:13): Warning: missing </ul> before </div> Flavor: r-devel-linux-x86_64-debian-clang

These binaries (installable software) and packages are in development.
They may not be fully stable and should be used with caution. We make no claims about them.