CRAN Package Check Results for Package orgR

Last updated on 2025-05-23 07:51:08 CEST.

Flavor Version Tinstall Tcheck Ttotal Status Flags
r-devel-linux-x86_64-debian-clang 0.9.0 7.19 51.68 58.87 NOTE
r-devel-linux-x86_64-debian-gcc 0.9.0 4.40 37.95 42.35 NOTE
r-devel-linux-x86_64-fedora-clang 0.9.0 91.99 OK
r-devel-linux-x86_64-fedora-gcc 0.9.0 86.12 OK
r-devel-windows-x86_64 0.9.0 9.00 68.00 77.00 OK
r-patched-linux-x86_64 0.9.0 5.88 48.75 54.63 OK
r-release-linux-x86_64 0.9.0 5.94 48.68 54.62 OK
r-release-macos-arm64 0.9.0 26.00 OK
r-release-macos-x86_64 0.9.0 46.00 OK
r-release-windows-x86_64 0.9.0 9.00 67.00 76.00 OK
r-oldrel-macos-arm64 0.9.0 26.00 OK
r-oldrel-macos-x86_64 0.9.0 41.00 OK
r-oldrel-windows-x86_64 0.9.0 10.00 79.00 89.00 OK

Check Details

Version: 0.9.0
Check: CRAN incoming feasibility
Result: NOTE Maintainer: ‘Yi Tang <yi.tang.uk@me.com>’ No Authors@R field in DESCRIPTION. Please add one, modifying Authors@R: person(given = "Yi", family = "Tang", role = c("aut", "cre"), email = "yi.tang.uk@me.com") as necessary. Flavors: r-devel-linux-x86_64-debian-clang, r-devel-linux-x86_64-debian-gcc

These binaries (installable software) and packages are in development.
They may not be fully stable and should be used with caution. We make no claims about them.