Last updated on 2025-11-16 21:49:54 CET.
| Flavor | Version | Tinstall | Tcheck | Ttotal | Status | Flags |
|---|---|---|---|---|---|---|
| r-devel-linux-x86_64-debian-clang | 0.9.0 | 6.77 | 60.39 | 67.16 | NOTE | |
| r-devel-linux-x86_64-debian-gcc | 0.9.0 | 5.31 | 43.15 | 48.46 | NOTE | |
| r-devel-linux-x86_64-fedora-clang | 0.9.0 | 15.00 | 91.01 | 106.01 | OK | |
| r-devel-linux-x86_64-fedora-gcc | 0.9.0 | 15.00 | 89.98 | 104.98 | OK | |
| r-devel-windows-x86_64 | 0.9.0 | 10.00 | 67.00 | 77.00 | OK | |
| r-patched-linux-x86_64 | 0.9.0 | 6.77 | 57.55 | 64.32 | OK | |
| r-release-linux-x86_64 | 0.9.0 | 7.04 | 56.81 | 63.85 | OK | |
| r-release-macos-arm64 | 0.9.0 | 3.00 | 23.00 | 26.00 | OK | |
| r-release-macos-x86_64 | 0.9.0 | 5.00 | 41.00 | 46.00 | OK | |
| r-release-windows-x86_64 | 0.9.0 | 10.00 | 68.00 | 78.00 | OK | |
| r-oldrel-macos-arm64 | 0.9.0 | 3.00 | 23.00 | 26.00 | OK | |
| r-oldrel-macos-x86_64 | 0.9.0 | 4.00 | 37.00 | 41.00 | OK | |
| r-oldrel-windows-x86_64 | 0.9.0 | 11.00 | 87.00 | 98.00 | OK |
Version: 0.9.0
Check: CRAN incoming feasibility
Result: NOTE
Maintainer: ‘Yi Tang <yi.tang.uk@me.com>’
No Authors@R field in DESCRIPTION.
Please add one, modifying
Authors@R: person(given = "Yi",
family = "Tang",
role = c("aut", "cre"),
email = "yi.tang.uk@me.com")
as necessary.
Flavors: r-devel-linux-x86_64-debian-clang, r-devel-linux-x86_64-debian-gcc
These binaries (installable software) and packages are in development.
They may not be fully stable and should be used with caution. We make no claims about them.