CRAN Package Check Results for Package orloca

Last updated on 2025-05-08 04:52:13 CEST.

Flavor Version Tinstall Tcheck Ttotal Status Flags
r-devel-linux-x86_64-debian-clang 5.6 5.07 52.90 57.97 NOTE
r-devel-linux-x86_64-debian-gcc 5.6 3.35 41.24 44.59 NOTE
r-devel-linux-x86_64-fedora-clang 5.6 92.11 OK
r-devel-linux-x86_64-fedora-gcc 5.6 101.16 OK
r-devel-windows-x86_64 5.6 7.00 73.00 80.00 OK
r-patched-linux-x86_64 5.6 5.68 51.77 57.45 OK
r-release-linux-x86_64 5.6 5.16 51.49 56.65 OK
r-release-macos-arm64 5.6 43.00 OK
r-release-macos-x86_64 5.6 70.00 OK
r-release-windows-x86_64 5.6 8.00 77.00 85.00 OK
r-oldrel-macos-arm64 5.6 36.00 OK
r-oldrel-macos-x86_64 5.6 54.00 OK
r-oldrel-windows-x86_64 5.6 9.00 87.00 96.00 OK

Check Details

Version: 5.6
Check: CRAN incoming feasibility
Result: NOTE Maintainer: ‘Manuel Munoz-Marquez <manuel.munoz@uca.es>’ No Authors@R field in DESCRIPTION. Please add one, modifying Authors@R: person(given = "Manuel", family = "Munoz-Marquez", role = c("aut", "cre"), email = "manuel.munoz@uca.es") as necessary. Flavors: r-devel-linux-x86_64-debian-clang, r-devel-linux-x86_64-debian-gcc

These binaries (installable software) and packages are in development.
They may not be fully stable and should be used with caution. We make no claims about them.