Last updated on 2025-02-16 08:50:56 CET.
Flavor | Version | Tinstall | Tcheck | Ttotal | Status | Flags |
---|---|---|---|---|---|---|
r-devel-linux-x86_64-debian-clang | 0.11.4 | 16.19 | 102.31 | 118.50 | OK | |
r-devel-linux-x86_64-debian-gcc | 0.11.4 | 10.54 | 69.86 | 80.40 | OK | |
r-devel-linux-x86_64-fedora-clang | 0.11.4 | 199.75 | OK | |||
r-devel-linux-x86_64-fedora-gcc | 0.11.4 | 182.89 | OK | |||
r-devel-macos-arm64 | 0.11.4 | 55.00 | OK | |||
r-devel-macos-x86_64 | 0.11.4 | 104.00 | OK | |||
r-devel-windows-x86_64 | 0.11.4 | 19.00 | 133.00 | 152.00 | OK | |
r-patched-linux-x86_64 | 0.11.4 | 17.17 | 95.88 | 113.05 | OK | |
r-release-linux-x86_64 | 0.11.4 | 13.81 | 94.43 | 108.24 | OK | |
r-release-macos-arm64 | 0.11.4 | 50.00 | NOTE | |||
r-release-macos-x86_64 | 0.11.4 | 86.00 | NOTE | |||
r-release-windows-x86_64 | 0.11.4 | 19.00 | 131.00 | 150.00 | NOTE | |
r-oldrel-macos-arm64 | 0.11.4 | 51.00 | NOTE | |||
r-oldrel-macos-x86_64 | 0.11.4 | 90.00 | NOTE | |||
r-oldrel-windows-x86_64 | 0.11.4 | 24.00 | 181.00 | 205.00 | NOTE |
Version: 0.11.4
Check: installed package size
Result: NOTE
installed size is 6.6Mb
sub-directories of 1Mb or more:
R 1.0Mb
nifti 3.8Mb
Flavors: r-release-macos-arm64, r-release-macos-x86_64, r-release-windows-x86_64, r-oldrel-macos-arm64, r-oldrel-macos-x86_64, r-oldrel-windows-x86_64
These binaries (installable software) and packages are in development.
They may not be fully stable and should be used with caution. We make no claims about them.