Last updated on 2025-07-26 03:49:57 CEST.
Flavor | Version | Tinstall | Tcheck | Ttotal | Status | Flags |
---|---|---|---|---|---|---|
r-devel-linux-x86_64-debian-clang | 0.11.4 | 16.38 | 104.54 | 120.92 | NOTE | |
r-devel-linux-x86_64-debian-gcc | 0.11.4 | 11.08 | 69.45 | 80.53 | NOTE | |
r-devel-linux-x86_64-fedora-clang | 0.11.4 | 187.06 | OK | |||
r-devel-linux-x86_64-fedora-gcc | 0.11.4 | 181.45 | OK | |||
r-devel-windows-x86_64 | 0.11.4 | 19.00 | 158.00 | 177.00 | OK | |
r-patched-linux-x86_64 | 0.11.4 | 18.45 | 97.95 | 116.40 | OK | |
r-release-linux-x86_64 | 0.11.4 | 14.07 | 98.53 | 112.60 | OK | |
r-release-macos-arm64 | 0.11.4 | 50.00 | OK | |||
r-release-macos-x86_64 | 0.11.4 | 107.00 | OK | |||
r-release-windows-x86_64 | 0.11.4 | 19.00 | 135.00 | 154.00 | OK | |
r-oldrel-macos-arm64 | 0.11.4 | 50.00 | NOTE | |||
r-oldrel-macos-x86_64 | 0.11.4 | 86.00 | NOTE | |||
r-oldrel-windows-x86_64 | 0.11.4 | 25.00 | 163.00 | 188.00 | NOTE |
Version: 0.11.4
Check: CRAN incoming feasibility
Result: NOTE
Maintainer: ‘Brandon Whitcher <bwhitcher@gmail.com>’
Package CITATION file contains call(s) to old-style personList() or
as.personList(). Please use c() on person objects instead.
Package CITATION file contains call(s) to old-style citEntry(). Please
use bibentry() instead.
Flavors: r-devel-linux-x86_64-debian-clang, r-devel-linux-x86_64-debian-gcc
Version: 0.11.4
Check: installed package size
Result: NOTE
installed size is 6.6Mb
sub-directories of 1Mb or more:
R 1.0Mb
nifti 3.8Mb
Flavors: r-oldrel-macos-arm64, r-oldrel-macos-x86_64, r-oldrel-windows-x86_64
These binaries (installable software) and packages are in development.
They may not be fully stable and should be used with caution. We make no claims about them.