Last updated on 2025-11-12 18:50:40 CET.
| Flavor | Version | Tinstall | Tcheck | Ttotal | Status | Flags |
|---|---|---|---|---|---|---|
| r-devel-linux-x86_64-debian-clang | 0.11.4 | 18.18 | 108.09 | 126.27 | NOTE | |
| r-devel-linux-x86_64-debian-gcc | 0.11.4 | 10.57 | 73.05 | 83.62 | NOTE | |
| r-devel-linux-x86_64-fedora-clang | 0.11.4 | 84.00 | 111.58 | 195.58 | OK | |
| r-devel-linux-x86_64-fedora-gcc | 0.11.4 | 32.00 | 148.45 | 180.45 | OK | |
| r-devel-windows-x86_64 | 0.11.4 | 15.00 | 132.00 | 147.00 | OK | |
| r-patched-linux-x86_64 | 0.11.4 | 19.22 | 103.01 | 122.23 | OK | |
| r-release-linux-x86_64 | 0.11.4 | 16.03 | 103.82 | 119.85 | OK | |
| r-release-macos-arm64 | 0.11.4 | 6.00 | 44.00 | 50.00 | OK | |
| r-release-macos-x86_64 | 0.11.4 | 14.00 | 93.00 | 107.00 | OK | |
| r-release-windows-x86_64 | 0.11.4 | 21.00 | 134.00 | 155.00 | OK | |
| r-oldrel-macos-arm64 | 0.11.4 | 6.00 | 44.00 | 50.00 | NOTE | |
| r-oldrel-macos-x86_64 | 0.11.4 | 19.00 | 67.00 | 86.00 | NOTE | |
| r-oldrel-windows-x86_64 | 0.11.4 | 25.00 | 163.00 | 188.00 | NOTE |
Version: 0.11.4
Check: CRAN incoming feasibility
Result: NOTE
Maintainer: ‘Brandon Whitcher <bwhitcher@gmail.com>’
Package CITATION file contains call(s) to old-style personList() or
as.personList(). Please use c() on person objects instead.
Package CITATION file contains call(s) to old-style citEntry(). Please
use bibentry() instead.
Flavors: r-devel-linux-x86_64-debian-clang, r-devel-linux-x86_64-debian-gcc
Version: 0.11.4
Check: installed package size
Result: NOTE
installed size is 6.6Mb
sub-directories of 1Mb or more:
R 1.0Mb
nifti 3.8Mb
Flavors: r-oldrel-macos-arm64, r-oldrel-macos-x86_64, r-oldrel-windows-x86_64
These binaries (installable software) and packages are in development.
They may not be fully stable and should be used with caution. We make no claims about them.