CRAN Package Check Results for Package oro.pet

Last updated on 2025-05-22 06:51:52 CEST.

Flavor Version Tinstall Tcheck Ttotal Status Flags
r-devel-linux-x86_64-debian-clang 0.2.7 10.25 85.40 95.65 NOTE
r-devel-linux-x86_64-debian-gcc 0.2.7 6.98 60.20 67.18 NOTE
r-devel-linux-x86_64-fedora-clang 0.2.7 148.49 NOTE
r-devel-linux-x86_64-fedora-gcc 0.2.7 140.06 NOTE
r-devel-windows-x86_64 0.2.7 11.00 102.00 113.00 NOTE
r-patched-linux-x86_64 0.2.7 10.26 79.81 90.07 NOTE
r-release-linux-x86_64 0.2.7 10.06 80.79 90.85 NOTE
r-release-macos-arm64 0.2.7 44.00 NOTE
r-release-macos-x86_64 0.2.7 85.00 NOTE
r-release-windows-x86_64 0.2.7 11.00 124.00 135.00 NOTE
r-oldrel-macos-arm64 0.2.7 38.00 NOTE
r-oldrel-macos-x86_64 0.2.7 58.00 NOTE
r-oldrel-windows-x86_64 0.2.7 15.00 111.00 126.00 NOTE

Check Details

Version: 0.2.7
Check: CRAN incoming feasibility
Result: NOTE Maintainer: ‘Brandon Whitcher <bwhitcher@gmail.com>’ No Authors@R field in DESCRIPTION. Please add one, modifying Authors@R: person(given = "Brandon", family = "Whitcher", role = c("aut", "cre"), email = "bwhitcher@gmail.com") as necessary. Flavors: r-devel-linux-x86_64-debian-clang, r-devel-linux-x86_64-debian-gcc

Version: 0.2.7
Check: Rd files
Result: NOTE checkRd: (-1) hillEquation.Rd:29: Lost braces in \itemize; \value handles \item{}{} directly checkRd: (-1) hillEquation.Rd:30: Lost braces in \itemize; \value handles \item{}{} directly checkRd: (-1) hillEquation.Rd:30-31: Lost braces in \itemize; \value handles \item{}{} directly checkRd: (-1) hillEquation.Rd:31: Lost braces in \itemize; \value handles \item{}{} directly checkRd: (-1) hillEquation.Rd:32: Lost braces in \itemize; \value handles \item{}{} directly checkRd: (-1) hillEquation.Rd:33: Lost braces in \itemize; \value handles \item{}{} directly checkRd: (-1) hillEquation.Rd:34: Lost braces in \itemize; \value handles \item{}{} directly checkRd: (-1) hillEquation.Rd:35: Lost braces in \itemize; \value handles \item{}{} directly checkRd: (-1) qiba.Rd:81-83: Lost braces in \itemize; \value handles \item{}{} directly checkRd: (-1) qiba.Rd:84-85: Lost braces in \itemize; \value handles \item{}{} directly checkRd: (-1) qiba.Rd:86-87: Lost braces in \itemize; \value handles \item{}{} directly checkRd: (-1) qiba.Rd:88-90: Lost braces in \itemize; \value handles \item{}{} directly checkRd: (-1) qiba.Rd:91-93: Lost braces in \itemize; \value handles \item{}{} directly Flavors: r-devel-linux-x86_64-debian-clang, r-devel-linux-x86_64-debian-gcc, r-devel-linux-x86_64-fedora-clang, r-devel-linux-x86_64-fedora-gcc, r-devel-windows-x86_64, r-patched-linux-x86_64, r-release-linux-x86_64, r-release-macos-arm64, r-release-macos-x86_64, r-release-windows-x86_64, r-oldrel-macos-arm64, r-oldrel-macos-x86_64, r-oldrel-windows-x86_64

These binaries (installable software) and packages are in development.
They may not be fully stable and should be used with caution. We make no claims about them.