Last updated on 2025-07-21 19:49:51 CEST.
Flavor | Version | Tinstall | Tcheck | Ttotal | Status | Flags |
---|---|---|---|---|---|---|
r-devel-linux-x86_64-debian-clang | 0.6.8 | 199.20 | 100.94 | 300.14 | OK | |
r-devel-linux-x86_64-debian-gcc | 0.6.8 | 140.79 | 86.29 | 227.08 | OK | |
r-devel-linux-x86_64-fedora-clang | 0.6.8 | 529.93 | OK | |||
r-devel-linux-x86_64-fedora-gcc | 0.6.8 | 513.53 | OK | |||
r-devel-windows-x86_64 | 0.6.8 | 211.00 | 123.00 | 334.00 | OK | |
r-patched-linux-x86_64 | 0.6.8 | 202.04 | 93.88 | 295.92 | OK | |
r-release-linux-x86_64 | 0.6.8 | 192.16 | 94.81 | 286.97 | OK | |
r-release-macos-arm64 | 0.6.8 | 186.00 | OK | |||
r-release-macos-x86_64 | 0.6.8 | 186.00 | OK | |||
r-release-windows-x86_64 | 0.6.8 | 209.00 | 127.00 | 336.00 | OK | |
r-oldrel-macos-arm64 | 0.6.8 | 146.00 | NOTE | |||
r-oldrel-macos-x86_64 | 0.6.8 | 130.00 | NOTE | |||
r-oldrel-windows-x86_64 | 0.6.8 | 243.00 | 149.00 | 392.00 | OK |
Version: 0.6.8
Check: installed package size
Result: NOTE
installed size is 9.5Mb
sub-directories of 1Mb or more:
libs 9.2Mb
Flavors: r-oldrel-macos-arm64, r-oldrel-macos-x86_64
These binaries (installable software) and packages are in development.
They may not be fully stable and should be used with caution. We make no claims about them.