Last updated on 2025-07-09 07:49:27 CEST.
Flavor | Version | Tinstall | Tcheck | Ttotal | Status | Flags |
---|---|---|---|---|---|---|
r-devel-linux-x86_64-debian-clang | 0.2.9 | 6.50 | 59.06 | 65.56 | NOTE | |
r-devel-linux-x86_64-debian-gcc | 0.2.9 | 4.03 | 46.15 | 50.18 | NOTE | |
r-devel-linux-x86_64-fedora-clang | 0.2.9 | 98.76 | OK | |||
r-devel-linux-x86_64-fedora-gcc | 0.2.9 | 107.13 | OK | |||
r-devel-windows-x86_64 | 0.2.9 | 8.00 | 72.00 | 80.00 | OK | |
r-patched-linux-x86_64 | 0.2.9 | 5.78 | 53.94 | 59.72 | OK | |
r-release-linux-x86_64 | 0.2.9 | 3.80 | 53.61 | 57.41 | OK | |
r-release-macos-arm64 | 0.2.9 | 52.00 | OK | |||
r-release-macos-x86_64 | 0.2.9 | 75.00 | OK | |||
r-release-windows-x86_64 | 0.2.9 | 8.00 | 74.00 | 82.00 | OK | |
r-oldrel-macos-arm64 | 0.2.9 | 38.00 | OK | |||
r-oldrel-macos-x86_64 | 0.2.9 | 60.00 | OK | |||
r-oldrel-windows-x86_64 | 0.2.9 | 10.00 | 88.00 | 98.00 | OK |
Version: 0.2.9
Check: CRAN incoming feasibility
Result: NOTE
Maintainer: ‘Aaron Wolen <aaron@wolen.com>’
Package CITATION file contains call(s) to old-style citEntry(). Please
use bibentry() instead.
Flavors: r-devel-linux-x86_64-debian-clang, r-devel-linux-x86_64-debian-gcc
These binaries (installable software) and packages are in development.
They may not be fully stable and should be used with caution. We make no claims about them.