CRAN Package Check Results for Package osmdata

Last updated on 2025-05-08 04:52:13 CEST.

Flavor Version Tinstall Tcheck Ttotal Status Flags
r-devel-linux-x86_64-debian-clang 0.2.5 66.85 74.32 141.17 OK
r-devel-linux-x86_64-debian-gcc 0.2.5 49.72 55.15 104.87 OK
r-devel-linux-x86_64-fedora-clang 0.2.5 240.24 OK
r-devel-linux-x86_64-fedora-gcc 0.2.5 287.51 OK
r-devel-windows-x86_64 0.2.5 76.00 115.00 191.00 OK
r-patched-linux-x86_64 0.2.5 68.81 70.46 139.27 OK
r-release-linux-x86_64 0.2.5 69.02 71.50 140.52 OK
r-release-macos-arm64 0.2.5 86.00 OK
r-release-macos-x86_64 0.2.5 116.00 OK
r-release-windows-x86_64 0.2.5 79.00 120.00 199.00 OK
r-oldrel-macos-arm64 0.2.5 76.00 NOTE
r-oldrel-macos-x86_64 0.2.5 90.00 NOTE
r-oldrel-windows-x86_64 0.2.5 90.00 133.00 223.00 NOTE

Check Details

Version: 0.2.5
Check: installed package size
Result: NOTE installed size is 11.9Mb sub-directories of 1Mb or more: doc 5.0Mb libs 6.4Mb Flavors: r-oldrel-macos-arm64, r-oldrel-macos-x86_64, r-oldrel-windows-x86_64

These binaries (installable software) and packages are in development.
They may not be fully stable and should be used with caution. We make no claims about them.