Last updated on 2025-11-12 18:50:40 CET.
| Flavor | Version | Tinstall | Tcheck | Ttotal | Status | Flags |
|---|---|---|---|---|---|---|
| r-devel-linux-x86_64-debian-clang | 0.3.0 | 64.60 | 79.67 | 144.27 | OK | |
| r-devel-linux-x86_64-debian-gcc | 0.3.0 | 51.04 | 56.60 | 107.64 | OK | |
| r-devel-linux-x86_64-fedora-clang | 0.3.0 | 120.00 | 130.18 | 250.18 | OK | |
| r-devel-linux-x86_64-fedora-gcc | 0.3.0 | 139.00 | 138.97 | 277.97 | OK | |
| r-devel-windows-x86_64 | 0.3.0 | 80.00 | 115.00 | 195.00 | OK | |
| r-patched-linux-x86_64 | 0.3.0 | 69.63 | 75.00 | 144.63 | OK | |
| r-release-linux-x86_64 | 0.3.0 | 68.48 | 74.67 | 143.15 | OK | |
| r-release-macos-arm64 | 0.3.0 | 27.00 | 54.00 | 81.00 | OK | |
| r-release-macos-x86_64 | 0.3.0 | 30.00 | 103.00 | 133.00 | OK | |
| r-release-windows-x86_64 | 0.3.0 | 79.00 | 117.00 | 196.00 | OK | |
| r-oldrel-macos-arm64 | 0.3.0 | 24.00 | 52.00 | 76.00 | NOTE | |
| r-oldrel-macos-x86_64 | 0.3.0 | 30.00 | 95.00 | 125.00 | NOTE | |
| r-oldrel-windows-x86_64 | 0.3.0 | 93.00 | 147.00 | 240.00 | NOTE |
Version: 0.3.0
Check: installed package size
Result: NOTE
installed size is 12.1Mb
sub-directories of 1Mb or more:
doc 5.0Mb
libs 6.6Mb
Flavors: r-oldrel-macos-arm64, r-oldrel-macos-x86_64, r-oldrel-windows-x86_64
These binaries (installable software) and packages are in development.
They may not be fully stable and should be used with caution. We make no claims about them.