CRAN Package Check Results for Package osmdata

Last updated on 2025-10-23 17:50:56 CEST.

Flavor Version Tinstall Tcheck Ttotal Status Flags
r-devel-linux-x86_64-debian-clang 0.3.0 65.82 89.26 155.08 OK
r-devel-linux-x86_64-debian-gcc 0.3.0 49.49 64.20 113.69 OK
r-devel-linux-x86_64-fedora-clang 0.3.0 95.00 155.12 250.12 OK
r-devel-linux-x86_64-fedora-gcc 0.3.0 110.00 171.24 281.24 OK
r-devel-windows-x86_64 0.3.0 77.00 119.00 196.00 OK
r-patched-linux-x86_64 0.3.0 72.02 82.95 154.97 OK
r-release-linux-x86_64 0.3.0 67.79 82.75 150.54 OK
r-release-macos-arm64 0.3.0 27.00 54.00 81.00 OK
r-release-macos-x86_64 0.3.0 30.00 103.00 133.00 OK
r-release-windows-x86_64 0.3.0 81.00 114.00 195.00 OK
r-oldrel-macos-arm64 0.3.0 24.00 52.00 76.00 NOTE
r-oldrel-macos-x86_64 0.3.0 30.00 95.00 125.00 NOTE
r-oldrel-windows-x86_64 0.3.0 89.00 146.00 235.00 NOTE

Check Details

Version: 0.3.0
Check: installed package size
Result: NOTE installed size is 12.1Mb sub-directories of 1Mb or more: doc 5.0Mb libs 6.6Mb Flavors: r-oldrel-macos-arm64, r-oldrel-macos-x86_64, r-oldrel-windows-x86_64

These binaries (installable software) and packages are in development.
They may not be fully stable and should be used with caution. We make no claims about them.