Last updated on 2025-02-16 08:50:56 CET.
Flavor | Version | Tinstall | Tcheck | Ttotal | Status | Flags |
---|---|---|---|---|---|---|
r-devel-linux-x86_64-debian-clang | 0.2.5 | 66.49 | 74.07 | 140.56 | OK | |
r-devel-linux-x86_64-debian-gcc | 0.2.5 | 49.75 | 53.38 | 103.13 | OK | |
r-devel-linux-x86_64-fedora-clang | 0.2.5 | 238.46 | OK | |||
r-devel-linux-x86_64-fedora-gcc | 0.2.5 | 279.76 | OK | |||
r-devel-macos-arm64 | 0.2.5 | 71.00 | OK | |||
r-devel-macos-x86_64 | 0.2.5 | 115.00 | OK | |||
r-devel-windows-x86_64 | 0.2.5 | 72.00 | 111.00 | 183.00 | OK | |
r-patched-linux-x86_64 | 0.2.5 | 71.67 | 70.16 | 141.83 | OK | |
r-release-linux-x86_64 | 0.2.5 | 71.49 | 70.04 | 141.53 | OK | |
r-release-macos-arm64 | 0.2.5 | 76.00 | NOTE | |||
r-release-macos-x86_64 | 0.2.5 | 90.00 | NOTE | |||
r-release-windows-x86_64 | 0.2.5 | 71.00 | 112.00 | 183.00 | NOTE | |
r-oldrel-macos-arm64 | 0.2.5 | 74.00 | NOTE | |||
r-oldrel-macos-x86_64 | 0.2.5 | 93.00 | NOTE | |||
r-oldrel-windows-x86_64 | 0.2.5 | 87.00 | 167.00 | 254.00 | NOTE |
Version: 0.2.5
Check: installed package size
Result: NOTE
installed size is 11.9Mb
sub-directories of 1Mb or more:
doc 5.0Mb
libs 6.4Mb
Flavors: r-release-macos-arm64, r-release-macos-x86_64, r-release-windows-x86_64, r-oldrel-macos-arm64, r-oldrel-macos-x86_64, r-oldrel-windows-x86_64
These binaries (installable software) and packages are in development.
They may not be fully stable and should be used with caution. We make no claims about them.