Last updated on 2025-07-19 21:49:43 CEST.
Flavor | Version | Tinstall | Tcheck | Ttotal | Status | Flags |
---|---|---|---|---|---|---|
r-devel-linux-x86_64-debian-clang | 0.2.5 | 66.11 | 75.22 | 141.33 | OK | |
r-devel-linux-x86_64-debian-gcc | 0.2.5 | 52.00 | 56.40 | 108.40 | OK | |
r-devel-linux-x86_64-fedora-clang | 0.2.5 | 234.60 | OK | |||
r-devel-linux-x86_64-fedora-gcc | 0.2.5 | 279.23 | OK | |||
r-devel-windows-x86_64 | 0.2.5 | 77.00 | 112.00 | 189.00 | OK | |
r-patched-linux-x86_64 | 0.2.5 | 73.53 | 71.43 | 144.96 | OK | |
r-release-linux-x86_64 | 0.2.5 | 71.25 | 71.38 | 142.63 | OK | |
r-release-macos-arm64 | 0.2.5 | 86.00 | OK | |||
r-release-macos-x86_64 | 0.2.5 | 116.00 | OK | |||
r-release-windows-x86_64 | 0.2.5 | 77.00 | 113.00 | 190.00 | OK | |
r-oldrel-macos-arm64 | 0.2.5 | 76.00 | NOTE | |||
r-oldrel-macos-x86_64 | 0.2.5 | 90.00 | NOTE | |||
r-oldrel-windows-x86_64 | 0.2.5 | 93.00 | 137.00 | 230.00 | NOTE |
Version: 0.2.5
Check: installed package size
Result: NOTE
installed size is 11.9Mb
sub-directories of 1Mb or more:
doc 5.0Mb
libs 6.4Mb
Flavors: r-oldrel-macos-arm64, r-oldrel-macos-x86_64, r-oldrel-windows-x86_64
These binaries (installable software) and packages are in development.
They may not be fully stable and should be used with caution. We make no claims about them.