Last updated on 2025-11-13 15:51:19 CET.
| Flavor | Version | Tinstall | Tcheck | Ttotal | Status | Flags |
|---|---|---|---|---|---|---|
| r-devel-linux-x86_64-debian-clang | 0.5.3 | 5.07 | 87.46 | 92.53 | OK | |
| r-devel-linux-x86_64-debian-gcc | 0.5.3 | 4.03 | 69.03 | 73.06 | OK | |
| r-devel-linux-x86_64-fedora-clang | 0.5.3 | 11.00 | 137.61 | 148.61 | OK | |
| r-devel-linux-x86_64-fedora-gcc | 0.5.3 | 12.00 | 155.27 | 167.27 | OK | |
| r-devel-windows-x86_64 | 0.5.3 | 8.00 | 115.00 | 123.00 | OK | |
| r-patched-linux-x86_64 | 0.5.3 | 5.93 | 89.41 | 95.34 | OK | |
| r-release-linux-x86_64 | 0.5.3 | 5.10 | 90.12 | 95.22 | OK | |
| r-release-macos-arm64 | 0.5.3 | 4.00 | 55.00 | 59.00 | OK | |
| r-release-macos-x86_64 | 0.5.3 | 5.00 | 93.00 | 98.00 | OK | |
| r-release-windows-x86_64 | 0.5.3 | 8.00 | 121.00 | 129.00 | OK | |
| r-oldrel-macos-arm64 | 0.5.3 | 4.00 | 65.00 | 69.00 | NOTE | |
| r-oldrel-macos-x86_64 | 0.5.3 | 6.00 | 118.00 | 124.00 | NOTE | |
| r-oldrel-windows-x86_64 | 0.5.3 | 11.00 | 154.00 | 165.00 | NOTE |
Version: 0.5.3
Check: installed package size
Result: NOTE
installed size is 5.4Mb
sub-directories of 1Mb or more:
data 3.7Mb
help 1.1Mb
Flavors: r-oldrel-macos-arm64, r-oldrel-macos-x86_64, r-oldrel-windows-x86_64
These binaries (installable software) and packages are in development.
They may not be fully stable and should be used with caution. We make no claims about them.