CRAN Package Check Results for Package osmextract

Last updated on 2025-05-08 04:52:13 CEST.

Flavor Version Tinstall Tcheck Ttotal Status Flags
r-devel-linux-x86_64-debian-clang 0.5.3 5.12 86.60 91.72 OK
r-devel-linux-x86_64-debian-gcc 0.5.3 3.90 67.47 71.37 OK
r-devel-linux-x86_64-fedora-clang 0.5.3 136.70 OK
r-devel-linux-x86_64-fedora-gcc 0.5.3 150.17 OK
r-devel-windows-x86_64 0.5.3 7.00 119.00 126.00 OK
r-patched-linux-x86_64 0.5.3 6.06 84.57 90.63 OK
r-release-linux-x86_64 0.5.3 5.11 83.87 88.98 OK
r-release-macos-arm64 0.5.3 59.00 OK
r-release-macos-x86_64 0.5.3 98.00 OK
r-release-windows-x86_64 0.5.3 7.00 124.00 131.00 OK
r-oldrel-macos-arm64 0.5.3 69.00 NOTE
r-oldrel-macos-x86_64 0.5.3 124.00 NOTE
r-oldrel-windows-x86_64 0.5.3 9.00 144.00 153.00 NOTE

Check Details

Version: 0.5.3
Check: installed package size
Result: NOTE installed size is 5.4Mb sub-directories of 1Mb or more: data 3.7Mb help 1.1Mb Flavors: r-oldrel-macos-arm64, r-oldrel-macos-x86_64, r-oldrel-windows-x86_64

These binaries (installable software) and packages are in development.
They may not be fully stable and should be used with caution. We make no claims about them.