Last updated on 2025-10-23 15:50:03 CEST.
Flavor | Version | Tinstall | Tcheck | Ttotal | Status | Flags |
---|---|---|---|---|---|---|
r-devel-linux-x86_64-debian-clang | 0.6.3.3 | 20.46 | 57.74 | 78.20 | NOTE | |
r-devel-linux-x86_64-debian-gcc | 0.6.3.3 | 17.79 | 44.02 | 61.81 | OK | |
r-devel-linux-x86_64-fedora-clang | 0.6.3.3 | 43.00 | 82.51 | 125.51 | OK | |
r-devel-linux-x86_64-fedora-gcc | 0.6.3.3 | 57.00 | 72.07 | 129.07 | OK | |
r-devel-windows-x86_64 | 0.6.3.3 | 46.00 | 87.00 | 133.00 | OK | |
r-patched-linux-x86_64 | 0.6.3.3 | 23.78 | 55.72 | 79.50 | OK | |
r-release-linux-x86_64 | 0.6.3.3 | 23.68 | 55.51 | 79.19 | OK | |
r-release-macos-arm64 | 0.6.3.3 | 15.00 | 46.00 | 61.00 | OK | |
r-release-macos-x86_64 | 0.6.3.3 | 16.00 | 57.00 | 73.00 | OK | |
r-release-windows-x86_64 | 0.6.3.3 | 49.00 | 180.00 | 229.00 | OK | |
r-oldrel-macos-arm64 | 0.6.3.3 | 17.00 | 36.00 | 53.00 | OK | |
r-oldrel-macos-x86_64 | 0.6.3.3 | 25.00 | 77.00 | 102.00 | OK | |
r-oldrel-windows-x86_64 | 0.6.3.3 | 59.00 | 106.00 | 165.00 | OK |
Version: 0.6.3.3
Check: HTML version of manual
Result: NOTE
Found the following HTML validation problems:
osqpSettings.html:154:1 (osqpSettings.Rd:75): Warning: missing </ul> before </div>
Flavor: r-devel-linux-x86_64-debian-clang
These binaries (installable software) and packages are in development.
They may not be fully stable and should be used with caution. We make no claims about them.