Last updated on 2025-05-01 15:49:38 CEST.
Flavor | Version | Tinstall | Tcheck | Ttotal | Status | Flags |
---|---|---|---|---|---|---|
r-devel-linux-x86_64-debian-clang | 0.1.36 | 1.74 | 25.76 | 27.50 | NOTE | |
r-devel-linux-x86_64-debian-gcc | 0.1.36 | 1.63 | 21.33 | 22.96 | NOTE | |
r-devel-linux-x86_64-fedora-clang | 0.1.36 | 43.46 | OK | |||
r-devel-linux-x86_64-fedora-gcc | 0.1.36 | 54.77 | OK | |||
r-devel-windows-x86_64 | 0.1.36 | 4.00 | 56.00 | 60.00 | OK | |
r-patched-linux-x86_64 | 0.1.36 | 1.99 | 23.94 | 25.93 | OK | |
r-release-linux-x86_64 | OK | |||||
r-release-macos-arm64 | 0.1.36 | 32.00 | OK | |||
r-release-macos-x86_64 | 0.1.36 | 44.00 | OK | |||
r-release-windows-x86_64 | 0.1.36 | 3.00 | 57.00 | 60.00 | OK | |
r-oldrel-macos-arm64 | 0.1.36 | 24.00 | OK | |||
r-oldrel-macos-x86_64 | 0.1.36 | 34.00 | OK | |||
r-oldrel-windows-x86_64 | 0.1.36 | 4.00 | 51.00 | 55.00 | OK |
Version: 0.1.36
Check: CRAN incoming feasibility
Result: NOTE
Maintainer: ‘Adrian Staempfli <adrian.staempfli@ost.ch>’
No Authors@R field in DESCRIPTION.
Please add one, modifying
Authors@R: c(person(given = "Adrian",
family = "Staempfli",
role = c("aut", "cre"),
email = "adrian.staempfli@ost.ch"),
person(given = "Christoph",
family = "Strauss",
role = "aut"))
as necessary.
Flavors: r-devel-linux-x86_64-debian-clang, r-devel-linux-x86_64-debian-gcc
These binaries (installable software) and packages are in development.
They may not be fully stable and should be used with caution. We make no claims about them.