Last updated on 2024-07-27 15:50:28 CEST.
Flavor | Version | Tinstall | Tcheck | Ttotal | Status | Flags |
---|---|---|---|---|---|---|
r-devel-linux-x86_64-debian-clang | 1.1.1 | 8.18 | 82.57 | 90.75 | OK | |
r-devel-linux-x86_64-debian-gcc | 1.1.1 | OK | ||||
r-devel-linux-x86_64-fedora-clang | 1.1.1 | 115.20 | OK | |||
r-devel-linux-x86_64-fedora-gcc | 1.1.1 | 104.54 | OK | |||
r-devel-windows-x86_64 | 1.1.1 | 9.00 | 150.00 | 159.00 | OK | |
r-patched-linux-x86_64 | 1.1.1 | OK | ||||
r-release-linux-x86_64 | 1.1.1 | 5.06 | 76.14 | 81.20 | ERROR | |
r-release-macos-arm64 | 1.1.1 | 99.00 | OK | |||
r-release-macos-x86_64 | 1.1.1 | 122.00 | OK | |||
r-release-windows-x86_64 | 1.1.1 | 8.00 | 119.00 | 127.00 | OK | |
r-oldrel-macos-arm64 | 1.1.1 | 109.00 | OK | |||
r-oldrel-macos-x86_64 | 1.1.1 | 139.00 | OK | |||
r-oldrel-windows-x86_64 | 1.1.1 | 11.00 | 137.00 | 148.00 | OK |
Version: 1.1.1
Check: tests
Result: ERROR
Running ‘testthat.R’ [12s/54s]
Running the tests in ‘tests/testthat.R’ failed.
Complete output:
> library(testthat)
> library(otargen)
>
> test_check("otargen")
\ Connecting to the Open Targets Genetics GrpahQL API...
v Connecting to the Open Targets Genetics GrpahQL API... [55ms]
\ Downloading data for ENSG00000169174 ...
v Downloading data for ENSG00000169174 ... [1.1s]
\ Connecting to the Open Targets Genetics GrpahQL API...
v Connecting to the Open Targets Genetics GrpahQL API... [17ms]
\ Downloading data for ENSG00000163946 ...
v Downloading data for ENSG00000163946 ... [751ms]
\ Downloading data for ENSG00000169174 ...
v Downloading data for ENSG00000169174 ... [394ms]
\ Downloading data for ENSG00000143001 ...
v Downloading data for ENSG00000143001 ... [397ms]
\ Connecting to the Open Targets Genetics GrpahQL API...
v Connecting to the Open Targets Genetics GrpahQL API... [308ms]
\ Downloading data for ENSG00000141510 ...
v Downloading data for ENSG00000141510 ... [853ms]
\ Downloading data for ENSG00000163946 ...
| Downloading data for ENSG00000163946 ...
v Downloading data for ENSG00000163946 ... [469ms]
\ Downloading data for ENSG00000169174 ...
v Downloading data for ENSG00000169174 ... [316ms]
\ Connecting to the Open Targets Genetics GrpahQL API...
v Connecting to the Open Targets Genetics GrpahQL API... [96ms]
\ Downloading data for ENSG00000169174 ...
v Downloading data for ENSG00000169174 ... [239ms]
\ Connecting to the Open Targets Genetics GrpahQL API...
v Connecting to the Open Targets Genetics GrpahQL API... [16ms]
\ Downloading data...
v Downloading data... [105ms]
\ Connecting to the Open Targets Genetics GrpahQL API...
v Connecting to the Open Targets Genetics GrpahQL API... [96ms]
\ Downloading data...
v Downloading data... [222ms]
\ Connecting to the Open Targets Genetics GrpahQL API...
x Connecting to the Open Targets Genetics GrpahQL API... [119ms]
\ Connecting to the Open Targets Genetics GraphQL API...
v Connecting to the Open Targets Genetics GraphQL API... [16ms]
\ Downloading data for 1_154453788_C_T ...
v Downloading data for 1_154453788_C_T ... [547ms]
\ Connecting to the Open Targets Genetics GraphQL API...
v Connecting to the Open Targets Genetics GraphQL API... [118ms]
\ Downloading data for rs55808324 ...
v Downloading data for rs55808324 ... [290ms]
\ Connecting to the Open Targets Genetics GrpahQL API...
v Connecting to the Open Targets Genetics GrpahQL API... [32ms]
\ Downloading data...
v Downloading data... [144ms]
\ Connecting to the Open Targets Genetics GrpahQL API...
v Connecting to the Open Targets Genetics GrpahQL API... [18ms]
\ Downloading data...
x Downloading data... [209ms]
\ Connecting to the Open Targets Genetics GrpahQL API...
v Connecting to the Open Targets Genetics GrpahQL API... [26ms]
\ Downloading data...
v Downloading data... [179ms]
\ Connecting to the Open Targets Genetics GrpahQL API...
v Connecting to the Open Targets Genetics GrpahQL API... [16ms]
\ Downloading the data...
v Downloading the data... [103ms]
\ Connecting to the Open Targets Genetics GrpahQL API...
v Connecting to the Open Targets Genetics GrpahQL API... [16ms]
\ Downloading the data...
v Downloading the data... [110ms]
\ Connecting to the Open Targets Genetics GrpahQL API...
v Connecting to the Open Targets Genetics GrpahQL API... [15ms]
\ Downloading data...
v Downloading data... [126ms]
\ Connecting to the Open Targets Genetics GrpahQL API...
v Connecting to the Open Targets Genetics GrpahQL API... [14ms]
\ Downloading data...
v Downloading data... [944ms]
\ Connecting to the Open Targets Genetics GrpahQL API...
v Connecting to the Open Targets Genetics GrpahQL API... [16ms]
\ Downloading data...
v Downloading data... [490ms]
\ Connecting to the Open Targets Genetics GrpahQL API...
v Connecting to the Open Targets Genetics GrpahQL API... [15ms]
\ Downloading data...
v Downloading data... [266ms]
\ Connecting to the Open Targets Genetics GrpahQL API...
v Connecting to the Open Targets Genetics GrpahQL API... [19ms]
\ Downloading data for variant 1_55063514_G_A ...
v Downloading data for variant 1_55063514_G_A ... [191ms]
\ Connecting to the Open Targets Genetics GrpahQL API...
v Connecting to the Open Targets Genetics GrpahQL API... [133ms]
\ Downloading data for variant rs72698179 ...
v Downloading data for variant rs72698179 ... [236ms]
\ Connecting to the Open Targets Genetics GrpahQL API...
v Connecting to the Open Targets Genetics GrpahQL API... [16ms]
\ Downloading data for ENSG00000169174 ...
v Downloading data for ENSG00000169174 ... [396ms]
Selecting by Trait_reported_trimmed
\ Connecting to the Open Targets Genetics GrpahQL API...
v Connecting to the Open Targets Genetics GrpahQL API... [14ms]
\ Downloading data for ENSG00000167207 ...
v Downloading data for ENSG00000167207 ... [281ms]
\ Downloading data for ENSG00000096968 ...
v Downloading data for ENSG00000096968 ... [496ms]
\ Downloading data for ENSG00000138821 ...
v Downloading data for ENSG00000138821 ... [359ms]
\ Downloading data for ENSG00000125255 ...
v Downloading data for ENSG00000125255 ... [308ms]
Selecting by Trait_reported_trimmed
\ Connecting to the Open Targets Genetics GrpahQL API...
v Connecting to the Open Targets Genetics GrpahQL API... [103ms]
\ Downloading data for ENSG00000141510 ...
v Downloading data for ENSG00000141510 ... [490ms]
Selecting by Trait_reported_trimmed
\ Connecting to the Open Targets Genetics GrpahQL API...
v Connecting to the Open Targets Genetics GrpahQL API... [283ms]
\ Downloading data for ENSG00000169174 ...
v Downloading data for ENSG00000169174 ... [291ms]
\ Downloading data for ENSG00000163946 ...
v Downloading data for ENSG00000163946 ... [362ms]
\ Downloading data for ENSG00000141510 ...
v Downloading data for ENSG00000141510 ... [701ms]
Selecting by Trait_reported_trimmed
\ Connecting to the Open Targets Genetics GrpahQL API...
v Connecting to the Open Targets Genetics GrpahQL API... [14ms]
\ Downloading data for ENSG00000167207 ...
x Downloading data for ENSG00000167207 ... [10.1s]
Error in test plot_l2g: Bad Gateway (HTTP 502)
\ Connecting to the Open Targets Genetics GrpahQL API...
v Connecting to the Open Targets Genetics GrpahQL API... [15ms]
\ Downloading data...
v Downloading data... [1.2s]
\ Connecting to the Open Targets Genetics GrpahQL API...
v Connecting to the Open Targets Genetics GrpahQL API... [14ms]
\ Downloading data for variant 14_87978408_G_A ...
v Downloading data for variant 14_87978408_G_A ... [168ms]
\ Connecting to the Open Targets Genetics GrpahQL API...
v Connecting to the Open Targets Genetics GrpahQL API... [130ms]
\ Downloading data for variant rs55808324 ...
v Downloading data for variant rs55808324 ... [118ms]
\ Connecting to the Open Targets Genetics GrpahQL API...
v Connecting to the Open Targets Genetics GrpahQL API... [40ms]
\ Downloading data...
v Downloading data... [146ms]
\ Connecting the database...
v Connecting the database... [15ms]
\ Downloading data...
v Downloading data... [144ms]
\ Connecting the database...
v Connecting the database... [208ms]
\ Downloading data...
v Downloading data... [154ms]
\ Connecting to the Open Targets Genetics GrpahQL API...
v Connecting to the Open Targets Genetics GrpahQL API... [26ms]
\ Downloading data for ENSG00000169174 ...
v Downloading data for ENSG00000169174 ... [6.1s]
\ Connecting to the Open Targets Genetics GrpahQL API...
v Connecting to the Open Targets Genetics GrpahQL API... [204ms]
\ Downloading data for ENSG00000169174 ...
v Downloading data for ENSG00000169174 ... [6s]
\ Downloading data for ENSG00000163946 ...
v Downloading data for ENSG00000163946 ... [5.8s]
\ Connecting to the Open Targets Genetics GrpahQL API...
x Connecting to the Open Targets Genetics GrpahQL API... [126ms]
\ Connecting to the Open Targets Genetics GrpahQL API...
v Connecting to the Open Targets Genetics GrpahQL API... [31ms]
\ Downloading data...
v Downloading data... [156ms]
\ Connecting to the Open Targets Genetics GraphQL API...
v Connecting to the Open Targets Genetics GraphQL API... [22ms]
\ Downloading data for GCST003044 , 14_88009660_C_T ...
v Downloading data for GCST003044 , 14_88009660_C_T ... [1.4s]
\ Connecting to the Open Targets Genetics GrpahQL API...
v Connecting to the Open Targets Genetics GrpahQL API... [31ms]
\ Downloading data...
v Downloading data... [587ms]
\ Connecting the database...
v Connecting the database... [27ms]
\ Downloading data...
v Downloading data... [271ms]
\ Connecting to the Open Targets Genetics GrpahQL API...
v Connecting to the Open Targets Genetics GrpahQL API... [24ms]
\ Downloading data...
v Downloading data... [148ms]
\ Connecting to the Open Targets Genetics GraphQL API...
v Connecting to the Open Targets Genetics GraphQL API... [15ms]
\ Downloading data...
v Downloading data... [124ms]
\ Connecting to the Open Targets Genetics GraphQL API...
v Connecting to the Open Targets Genetics GraphQL API... [135ms]
\ Downloading data...
v Downloading data... [146ms]
[ FAIL 1 | WARN 0 | SKIP 0 | PASS 79 ]
══ Failed tests ════════════════════════════════════════════════════════════════
── Failure ('test-plot_l2g.R:23:5'): test plot_l2g works ───────────────────────
FALSE is not TRUE
`actual`: FALSE
`expected`: TRUE
An error occurred in plotting.
Backtrace:
▆
1. └─base::tryCatch(...) at test-plot_l2g.R:3:3
2. └─base (local) tryCatchList(expr, classes, parentenv, handlers)
3. └─base (local) tryCatchOne(expr, names, parentenv, handlers[[1L]])
4. └─value[[3L]](cond)
5. └─testthat::expect_true(FALSE, "An error occurred in plotting.") at test-plot_l2g.R:23:5
[ FAIL 1 | WARN 0 | SKIP 0 | PASS 79 ]
Error: Test failures
Execution halted
Flavor: r-release-linux-x86_64
These binaries (installable software) and packages are in development.
They may not be fully stable and should be used with caution. We make no claims about them.