CRAN Package Check Results for Package otinference

Last updated on 2025-05-01 14:49:17 CEST.

Flavor Version Tinstall Tcheck Ttotal Status Flags
r-devel-linux-x86_64-debian-clang 0.1.0 1.72 17.05 18.77 OK
r-devel-linux-x86_64-debian-gcc 0.1.0 1.50 14.07 15.57 OK
r-devel-linux-x86_64-fedora-clang 0.1.0 31.96 OK
r-devel-linux-x86_64-fedora-gcc 0.1.0 30.03 OK
r-devel-windows-x86_64 0.1.0 3.00 42.00 45.00 OK
r-patched-linux-x86_64 0.1.0 1.89 16.46 18.35 OK
r-release-linux-x86_64 OK
r-release-macos-arm64 0.1.0 13.00 OK
r-release-macos-x86_64 0.1.0 21.00 OK
r-release-windows-x86_64 0.1.0 3.00 48.00 51.00 OK
r-oldrel-macos-arm64 0.1.0 13.00 NOTE
r-oldrel-macos-x86_64 0.1.0 18.00 NOTE
r-oldrel-windows-x86_64 0.1.0 3.00 39.00 42.00 NOTE

Check Details

Version: 0.1.0
Check: package dependencies
Result: NOTE Package suggested but not available for checking: ‘Rcplex’ Flavors: r-oldrel-macos-arm64, r-oldrel-macos-x86_64, r-oldrel-windows-x86_64

These binaries (installable software) and packages are in development.
They may not be fully stable and should be used with caution. We make no claims about them.