Last updated on 2025-10-24 23:49:00 CEST.
| Flavor | Version | Tinstall | Tcheck | Ttotal | Status | Flags |
|---|---|---|---|---|---|---|
| r-devel-linux-x86_64-debian-clang | 0.5.1 | 4.21 | 42.76 | 46.97 | NOTE | |
| r-devel-linux-x86_64-debian-gcc | 0.5.1 | 2.95 | 31.13 | 34.08 | NOTE | |
| r-devel-linux-x86_64-fedora-clang | 0.5.1 | 11.00 | 58.04 | 69.04 | NOTE | |
| r-devel-linux-x86_64-fedora-gcc | 0.5.1 | 65.42 | NOTE | |||
| r-devel-windows-x86_64 | 0.5.1 | 7.00 | 58.00 | 65.00 | NOTE | |
| r-patched-linux-x86_64 | 0.5.1 | 4.33 | 38.21 | 42.54 | NOTE | |
| r-release-linux-x86_64 | 0.5.1 | 4.44 | 38.61 | 43.05 | NOTE | |
| r-release-macos-arm64 | 0.5.1 | 2.00 | 24.00 | 26.00 | NOTE | |
| r-release-macos-x86_64 | 0.5.1 | 4.00 | 38.00 | 42.00 | NOTE | |
| r-release-windows-x86_64 | 0.5.1 | 6.00 | 56.00 | 62.00 | NOTE | |
| r-oldrel-macos-arm64 | 0.5.1 | 2.00 | 21.00 | 23.00 | NOTE | |
| r-oldrel-macos-x86_64 | 0.5.1 | 3.00 | 29.00 | 32.00 | NOTE | |
| r-oldrel-windows-x86_64 | 0.5.1 | 9.00 | 70.00 | 79.00 | NOTE |
Version: 0.5.1
Check: CRAN incoming feasibility
Result: NOTE
Maintainer: ‘Marcus Young <M.A.Young@soton.ac.uk>’
Package CITATION file contains call(s) to old-style citEntry(). Please
use bibentry() instead.
Flavors: r-devel-linux-x86_64-debian-clang, r-devel-linux-x86_64-debian-gcc
Version: 0.5.1
Check: Rd files
Result: NOTE
checkRd: (-1) otp_create_surface.Rd:33: Lost braces; missing escapes or markup?
33 | The file will be named surface_{id}.tiff, with {id} replaced by the OTP id assigned
| ^
checkRd: (-1) otp_create_surface.Rd:33: Lost braces; missing escapes or markup?
33 | The file will be named surface_{id}.tiff, with {id} replaced by the OTP id assigned
| ^
Flavors: r-devel-linux-x86_64-debian-clang, r-devel-linux-x86_64-debian-gcc, r-devel-linux-x86_64-fedora-clang, r-devel-linux-x86_64-fedora-gcc, r-devel-windows-x86_64, r-patched-linux-x86_64, r-release-linux-x86_64, r-release-macos-arm64, r-release-macos-x86_64, r-release-windows-x86_64, r-oldrel-macos-arm64, r-oldrel-macos-x86_64, r-oldrel-windows-x86_64
These binaries (installable software) and packages are in development.
They may not be fully stable and should be used with caution. We make no claims about them.