Last updated on 2024-07-27 15:50:28 CEST.
Flavor | Version | Tinstall | Tcheck | Ttotal | Status | Flags |
---|---|---|---|---|---|---|
r-devel-linux-x86_64-debian-clang | 0.5.1 | 6.00 | 48.50 | 54.50 | NOTE | |
r-devel-linux-x86_64-debian-gcc | 0.5.1 | NOTE | ||||
r-devel-linux-x86_64-fedora-clang | 0.5.1 | 74.87 | NOTE | |||
r-devel-linux-x86_64-fedora-gcc | 0.5.1 | 64.36 | NOTE | |||
r-devel-windows-x86_64 | 0.5.1 | 6.00 | 57.00 | 63.00 | NOTE | |
r-patched-linux-x86_64 | 0.5.1 | NOTE | ||||
r-release-linux-x86_64 | 0.5.1 | 3.28 | 46.84 | 50.12 | NOTE | |
r-release-macos-arm64 | 0.5.1 | 23.00 | NOTE | |||
r-release-macos-x86_64 | 0.5.1 | 32.00 | NOTE | |||
r-release-windows-x86_64 | 0.5.1 | 6.00 | 57.00 | 63.00 | NOTE | |
r-oldrel-macos-arm64 | 0.5.1 | 23.00 | OK | |||
r-oldrel-macos-x86_64 | 0.5.1 | 36.00 | OK | |||
r-oldrel-windows-x86_64 | 0.5.1 | 8.00 | 63.00 | 71.00 | OK |
Version: 0.5.1
Check: Rd files
Result: NOTE
checkRd: (-1) otp_create_surface.Rd:33: Lost braces; missing escapes or markup?
33 | The file will be named surface_{id}.tiff, with {id} replaced by the OTP id assigned
| ^
checkRd: (-1) otp_create_surface.Rd:33: Lost braces; missing escapes or markup?
33 | The file will be named surface_{id}.tiff, with {id} replaced by the OTP id assigned
| ^
Flavors: r-devel-linux-x86_64-debian-clang, r-devel-linux-x86_64-debian-gcc, r-devel-linux-x86_64-fedora-clang, r-devel-linux-x86_64-fedora-gcc, r-devel-windows-x86_64, r-patched-linux-x86_64, r-release-linux-x86_64, r-release-macos-arm64, r-release-macos-x86_64, r-release-windows-x86_64
These binaries (installable software) and packages are in development.
They may not be fully stable and should be used with caution. We make no claims about them.