Last updated on 2025-11-13 03:51:11 CET.
| Flavor | Version | Tinstall | Tcheck | Ttotal | Status | Flags |
|---|---|---|---|---|---|---|
| r-devel-linux-x86_64-debian-clang | 0.2.1 | 6.62 | 68.29 | 74.91 | NOTE | |
| r-devel-linux-x86_64-debian-gcc | 0.2.1 | 4.35 | 50.39 | 54.74 | NOTE | |
| r-devel-linux-x86_64-fedora-clang | 0.2.1 | 14.00 | 103.87 | 117.87 | OK | |
| r-devel-linux-x86_64-fedora-gcc | 0.2.1 | 14.00 | 105.06 | 119.06 | OK | |
| r-devel-windows-x86_64 | 0.2.1 | 7.00 | 80.00 | 87.00 | OK | |
| r-patched-linux-x86_64 | 0.2.1 | 7.37 | 65.10 | 72.47 | OK | |
| r-release-linux-x86_64 | 0.2.1 | 6.24 | 65.13 | 71.37 | OK | |
| r-release-macos-arm64 | 0.2.1 | 4.00 | 37.00 | 41.00 | OK | |
| r-release-macos-x86_64 | 0.2.1 | 10.00 | 73.00 | 83.00 | OK | |
| r-release-windows-x86_64 | 0.2.1 | 7.00 | 78.00 | 85.00 | OK | |
| r-oldrel-macos-arm64 | 0.2.1 | 3.00 | 33.00 | 36.00 | OK | |
| r-oldrel-macos-x86_64 | 0.2.1 | 5.00 | 52.00 | 57.00 | OK | |
| r-oldrel-windows-x86_64 | 0.2.1 | 11.00 | 98.00 | 109.00 | OK |
Version: 0.2.1
Check: CRAN incoming feasibility
Result: NOTE
Maintainer: ‘Junwen Xia <xiajunwen@ruc.edu.cn>’
The Description field contains
available (Xia, J., Zhan, Z., Zhang, J. (2022) <arXiv:2210.05538>).
Please refer to arXiv e-prints via their arXiv DOI <doi:10.48550/arXiv.YYMM.NNNNN>.
Flavors: r-devel-linux-x86_64-debian-clang, r-devel-linux-x86_64-debian-gcc
These binaries (installable software) and packages are in development.
They may not be fully stable and should be used with caution. We make no claims about them.