Last updated on 2025-10-03 15:49:57 CEST.
Flavor | Version | Tinstall | Tcheck | Ttotal | Status | Flags |
---|---|---|---|---|---|---|
r-devel-linux-x86_64-debian-clang | 0.2.1 | 5.68 | 70.38 | 76.06 | NOTE | |
r-devel-linux-x86_64-debian-gcc | 0.2.1 | 5.46 | 50.04 | 55.50 | NOTE | |
r-devel-linux-x86_64-fedora-clang | 0.2.1 | 126.82 | OK | |||
r-devel-linux-x86_64-fedora-gcc | 0.2.1 | 112.95 | OK | |||
r-devel-windows-x86_64 | 0.2.1 | 8.00 | 81.00 | 89.00 | OK | |
r-patched-linux-x86_64 | 0.2.1 | 5.98 | 66.03 | 72.01 | OK | |
r-release-linux-x86_64 | 0.2.1 | 6.09 | 65.36 | 71.45 | OK | |
r-release-macos-arm64 | 0.2.1 | 41.00 | OK | |||
r-release-macos-x86_64 | 0.2.1 | 83.00 | OK | |||
r-release-windows-x86_64 | 0.2.1 | 8.00 | 81.00 | 89.00 | OK | |
r-oldrel-macos-arm64 | 0.2.1 | 36.00 | OK | |||
r-oldrel-macos-x86_64 | 0.2.1 | 57.00 | OK | |||
r-oldrel-windows-x86_64 | 0.2.1 | 11.00 | 98.00 | 109.00 | OK |
Version: 0.2.1
Check: CRAN incoming feasibility
Result: NOTE
Maintainer: ‘Junwen Xia <xiajunwen@ruc.edu.cn>’
The Description field contains
available (Xia, J., Zhan, Z., Zhang, J. (2022) <arXiv:2210.05538>).
Please refer to arXiv e-prints via their arXiv DOI <doi:10.48550/arXiv.YYMM.NNNNN>.
Flavors: r-devel-linux-x86_64-debian-clang, r-devel-linux-x86_64-debian-gcc
These binaries (installable software) and packages are in development.
They may not be fully stable and should be used with caution. We make no claims about them.