CRAN Package Check Results for Package otsfeatures

Last updated on 2025-05-23 01:51:04 CEST.

Flavor Version Tinstall Tcheck Ttotal Status Flags
r-devel-linux-x86_64-debian-clang 1.0.0 4.85 32.55 37.40 OK
r-devel-linux-x86_64-debian-gcc 1.0.0 3.12 24.49 27.61 OK
r-devel-linux-x86_64-fedora-clang 1.0.0 57.17 NOTE
r-devel-linux-x86_64-fedora-gcc 1.0.0 54.75 NOTE
r-devel-windows-x86_64 1.0.0 8.00 58.00 66.00 OK
r-patched-linux-x86_64 1.0.0 5.12 30.80 35.92 OK
r-release-linux-x86_64 1.0.0 4.76 30.50 35.26 OK
r-release-macos-arm64 1.0.0 23.00 OK
r-release-macos-x86_64 1.0.0 37.00 OK
r-release-windows-x86_64 1.0.0 6.00 57.00 63.00 OK
r-oldrel-macos-arm64 1.0.0 22.00 OK
r-oldrel-macos-x86_64 1.0.0 30.00 OK
r-oldrel-windows-x86_64 1.0.0 8.00 65.00 73.00 OK

Check Details

Version: 1.0.0
Check: dependencies in R code
Result: NOTE Namespaces in Imports field not imported from: ‘Rdpack’ ‘astsa’ All declared Imports should be used. Flavors: r-devel-linux-x86_64-fedora-clang, r-devel-linux-x86_64-fedora-gcc

These binaries (installable software) and packages are in development.
They may not be fully stable and should be used with caution. We make no claims about them.