Last updated on 2025-10-23 11:50:21 CEST.
Flavor | Version | Tinstall | Tcheck | Ttotal | Status | Flags |
---|---|---|---|---|---|---|
r-devel-linux-x86_64-debian-clang | 2.0.0 | 8.48 | 67.28 | 75.76 | NOTE | |
r-devel-linux-x86_64-debian-gcc | 2.0.0 | 5.38 | 48.03 | 53.41 | OK | |
r-devel-linux-x86_64-fedora-clang | 2.0.0 | 18.00 | 98.03 | 116.03 | OK | |
r-devel-linux-x86_64-fedora-gcc | 2.0.0 | 16.00 | 106.15 | 122.15 | OK | |
r-devel-windows-x86_64 | 2.0.0 | 10.00 | 87.00 | 97.00 | OK | |
r-patched-linux-x86_64 | 2.0.0 | 8.33 | 62.63 | 70.96 | OK | |
r-release-linux-x86_64 | 2.0.0 | 7.37 | 61.55 | 68.92 | OK | |
r-release-macos-arm64 | 2.0.0 | 3.00 | 36.00 | 39.00 | OK | |
r-release-macos-x86_64 | 2.0.0 | 8.00 | 81.00 | 89.00 | OK | |
r-release-windows-x86_64 | 2.0.0 | 13.00 | 88.00 | 101.00 | OK | |
r-oldrel-macos-arm64 | 2.0.0 | 4.00 | 41.00 | 45.00 | OK | |
r-oldrel-macos-x86_64 | 2.0.0 | 7.00 | 70.00 | 77.00 | OK | |
r-oldrel-windows-x86_64 | 2.0.0 | 12.00 | 104.00 | 116.00 | OK |
Version: 2.0.0
Check: HTML version of manual
Result: NOTE
Found the following HTML validation problems:
app_set_up.html:46:1 (app_set_up.Rd:10): Warning: missing </ul> before </div>
Flavor: r-devel-linux-x86_64-debian-clang
These binaries (installable software) and packages are in development.
They may not be fully stable and should be used with caution. We make no claims about them.