Last updated on 2025-10-03 07:49:50 CEST.
Flavor | Version | Tinstall | Tcheck | Ttotal | Status | Flags |
---|---|---|---|---|---|---|
r-devel-linux-x86_64-debian-clang | 1.1.3 | 28.46 | 700.97 | 729.43 | NOTE | |
r-devel-linux-x86_64-debian-gcc | 1.1.3 | 24.00 | 410.81 | 434.81 | NOTE | |
r-devel-linux-x86_64-fedora-clang | 1.1.3 | 1205.04 | NOTE | |||
r-devel-linux-x86_64-fedora-gcc | 1.1.3 | 1266.55 | NOTE | |||
r-devel-windows-x86_64 | 1.1.3 | 63.00 | 203.00 | 266.00 | NOTE | |
r-patched-linux-x86_64 | 1.1.3 | 34.01 | 674.44 | 708.45 | NOTE | |
r-release-linux-x86_64 | 1.1.3 | 32.44 | 666.82 | 699.26 | NOTE | |
r-release-macos-arm64 | 1.1.3 | 131.00 | NOTE | |||
r-release-macos-x86_64 | 1.1.3 | 239.00 | NOTE | |||
r-release-windows-x86_64 | 1.1.3 | 40.00 | 208.00 | 248.00 | NOTE | |
r-oldrel-macos-arm64 | 1.1.3 | 139.00 | NOTE | |||
r-oldrel-macos-x86_64 | 1.1.3 | 198.00 | NOTE | |||
r-oldrel-windows-x86_64 | 1.1.3 | 48.00 | 267.00 | 315.00 | NOTE |
Version: 1.1.3
Check: CRAN incoming feasibility
Result: NOTE
Maintainer: ‘Finlay Campbell <finlaycampbell93@gmail.com>’
Package CITATION file contains call(s) to old-style citEntry(). Please
use bibentry() instead.
Flavors: r-devel-linux-x86_64-debian-clang, r-devel-linux-x86_64-debian-gcc
Version: 1.1.3
Check: C++ specification
Result: NOTE
Specified C++11: please drop specification unless essential
Flavors: r-devel-linux-x86_64-debian-clang, r-devel-linux-x86_64-debian-gcc, r-devel-linux-x86_64-fedora-clang, r-devel-linux-x86_64-fedora-gcc, r-devel-windows-x86_64, r-patched-linux-x86_64, r-release-linux-x86_64, r-release-macos-arm64, r-release-macos-x86_64, r-release-windows-x86_64, r-oldrel-macos-arm64, r-oldrel-macos-x86_64, r-oldrel-windows-x86_64
These binaries (installable software) and packages are in development.
They may not be fully stable and should be used with caution. We make no claims about them.