Last updated on 2025-05-01 08:52:40 CEST.
Flavor | Version | Tinstall | Tcheck | Ttotal | Status | Flags |
---|---|---|---|---|---|---|
r-devel-linux-x86_64-debian-clang | 1.1.3 | 30.64 | 198.83 | 229.47 | NOTE | |
r-devel-linux-x86_64-debian-gcc | 1.1.3 | 24.70 | 132.18 | 156.88 | NOTE | |
r-devel-linux-x86_64-fedora-clang | 1.1.3 | 1218.86 | NOTE | |||
r-devel-linux-x86_64-fedora-gcc | 1.1.3 | 1219.51 | NOTE | |||
r-devel-windows-x86_64 | 1.1.3 | 39.00 | 211.00 | 250.00 | NOTE | |
r-patched-linux-x86_64 | 1.1.3 | 34.50 | 188.79 | 223.29 | NOTE | |
r-release-linux-x86_64 | NOTE | |||||
r-release-macos-arm64 | 1.1.3 | 131.00 | NOTE | |||
r-release-macos-x86_64 | 1.1.3 | 239.00 | NOTE | |||
r-release-windows-x86_64 | 1.1.3 | 41.00 | 216.00 | 257.00 | NOTE | |
r-oldrel-macos-arm64 | 1.1.3 | 139.00 | NOTE | |||
r-oldrel-macos-x86_64 | 1.1.3 | 198.00 | NOTE | |||
r-oldrel-windows-x86_64 | 1.1.3 | 44.00 | 250.00 | 294.00 | NOTE |
Version: 1.1.3
Check: CRAN incoming feasibility
Result: NOTE
Maintainer: ‘Finlay Campbell <finlaycampbell93@gmail.com>’
Package CITATION file contains call(s) to old-style citEntry(). Please
use bibentry() instead.
Flavors: r-devel-linux-x86_64-debian-clang, r-devel-linux-x86_64-debian-gcc
Version: 1.1.3
Check: C++ specification
Result: NOTE
Specified C++11: please drop specification unless essential
Flavors: r-devel-linux-x86_64-debian-clang, r-devel-linux-x86_64-debian-gcc, r-devel-linux-x86_64-fedora-clang, r-devel-linux-x86_64-fedora-gcc, r-devel-windows-x86_64, r-patched-linux-x86_64, r-release-linux-x86_64, r-release-macos-arm64, r-release-macos-x86_64, r-release-windows-x86_64, r-oldrel-macos-arm64, r-oldrel-macos-x86_64, r-oldrel-windows-x86_64
These binaries (installable software) and packages are in development.
They may not be fully stable and should be used with caution. We make no claims about them.