Last updated on 2025-10-23 11:50:21 CEST.
Flavor | Version | Tinstall | Tcheck | Ttotal | Status | Flags |
---|---|---|---|---|---|---|
r-devel-linux-x86_64-debian-clang | 1.10.0 | 63.53 | 41.13 | 104.66 | OK | |
r-devel-linux-x86_64-debian-gcc | 1.10.0 | 45.66 | 31.90 | 77.56 | OK | |
r-devel-linux-x86_64-fedora-clang | 1.10.0 | 72.00 | 104.62 | 176.62 | OK | |
r-devel-linux-x86_64-fedora-gcc | 1.10.0 | 83.00 | 110.72 | 193.72 | OK | |
r-devel-windows-x86_64 | 1.10.0 | 65.00 | 80.00 | 145.00 | OK | |
r-patched-linux-x86_64 | 1.10.0 | 63.12 | 39.79 | 102.91 | OK | |
r-release-linux-x86_64 | 1.10.0 | 63.96 | 39.30 | 103.26 | OK | |
r-release-macos-arm64 | 1.10.0 | 34.00 | 42.00 | 76.00 | OK | |
r-release-macos-x86_64 | 1.10.0 | 52.00 | 86.00 | 138.00 | OK | |
r-release-windows-x86_64 | 1.10.0 | 70.00 | 80.00 | 150.00 | OK | |
r-oldrel-macos-arm64 | 1.10.0 | 27.00 | 31.00 | 58.00 | NOTE | |
r-oldrel-macos-x86_64 | 1.10.0 | 48.00 | 62.00 | 110.00 | NOTE | |
r-oldrel-windows-x86_64 | 1.10.0 | 77.00 | 94.00 | 171.00 | OK |
Version: 1.10.0
Check: installed package size
Result: NOTE
installed size is 7.2Mb
sub-directories of 1Mb or more:
doc 1.1Mb
libs 5.8Mb
Flavors: r-oldrel-macos-arm64, r-oldrel-macos-x86_64
These binaries (installable software) and packages are in development.
They may not be fully stable and should be used with caution. We make no claims about them.