CRAN Package Check Results for Package outliertree

Last updated on 2025-06-28 11:48:31 CEST.

Flavor Version Tinstall Tcheck Ttotal Status Flags
r-devel-linux-x86_64-debian-clang 1.10.0 65.07 40.27 105.34 OK
r-devel-linux-x86_64-debian-gcc 1.10.0 44.25 31.71 75.96 OK
r-devel-linux-x86_64-fedora-clang 1.10.0 182.83 OK
r-devel-linux-x86_64-fedora-gcc 1.10.0 185.40 OK
r-devel-windows-x86_64 1.10.0 65.00 80.00 145.00 OK
r-patched-linux-x86_64 OK
r-release-linux-x86_64 1.10.0 61.07 38.40 99.47 OK
r-release-macos-arm64 1.10.0 76.00 OK
r-release-macos-x86_64 1.10.0 138.00 OK
r-release-windows-x86_64 1.10.0 66.00 81.00 147.00 OK
r-oldrel-macos-arm64 1.10.0 58.00 NOTE
r-oldrel-macos-x86_64 1.10.0 110.00 NOTE
r-oldrel-windows-x86_64 1.10.0 72.00 98.00 170.00 OK

Check Details

Version: 1.10.0
Check: installed package size
Result: NOTE installed size is 7.2Mb sub-directories of 1Mb or more: doc 1.1Mb libs 5.8Mb Flavors: r-oldrel-macos-arm64, r-oldrel-macos-x86_64

These binaries (installable software) and packages are in development.
They may not be fully stable and should be used with caution. We make no claims about them.