CRAN Package Check Results for Package outqrf

Last updated on 2025-02-16 08:50:56 CET.

Flavor Version Tinstall Tcheck Ttotal Status Flags
r-devel-linux-x86_64-debian-clang 1.0.0 1.86 60.17 62.03 NOTE
r-devel-linux-x86_64-debian-gcc 1.0.0 1.48 42.47 43.95 NOTE
r-devel-linux-x86_64-fedora-clang 1.0.0 103.52 NOTE
r-devel-linux-x86_64-fedora-gcc 1.0.0 589.30 NOTE
r-devel-macos-arm64 1.0.0 153.00 OK
r-devel-macos-x86_64 1.0.0 296.00 NOTE
r-devel-windows-x86_64 1.0.0 4.00 88.00 92.00 NOTE
r-patched-linux-x86_64 1.0.0 1.90 57.76 59.66 OK
r-release-linux-x86_64 1.0.0 2.06 58.15 60.21 OK
r-release-macos-arm64 1.0.0 105.00 OK
r-release-macos-x86_64 1.0.0 200.00 OK
r-release-windows-x86_64 1.0.0 4.00 89.00 93.00 OK
r-oldrel-macos-arm64 1.0.0 242.00 OK
r-oldrel-macos-x86_64 1.0.0 508.00 OK
r-oldrel-windows-x86_64 1.0.0 4.00 97.00 101.00 OK

Check Details

Version: 1.0.0
Check: DESCRIPTION meta-information
Result: NOTE Missing dependency on R >= 4.1.0 because package code uses the pipe |> or function shorthand \(...) syntax added in R 4.1.0. File(s) using such syntax: ‘method.r’ ‘outqrf.r’ Flavors: r-devel-linux-x86_64-debian-clang, r-devel-linux-x86_64-debian-gcc, r-devel-linux-x86_64-fedora-clang, r-devel-linux-x86_64-fedora-gcc, r-devel-macos-x86_64, r-devel-windows-x86_64

These binaries (installable software) and packages are in development.
They may not be fully stable and should be used with caution. We make no claims about them.