CRAN Package Check Results for Package owdbr

Last updated on 2025-05-23 07:51:09 CEST.

Flavor Version Tinstall Tcheck Ttotal Status Flags
r-devel-linux-x86_64-debian-clang 1.0.1.1 3.48 28.69 32.17 OK
r-devel-linux-x86_64-debian-gcc 1.0.1.1 2.46 21.84 24.30 OK
r-devel-linux-x86_64-fedora-clang 1.0.1.1 50.14 OK
r-devel-linux-x86_64-fedora-gcc 1.0.1.1 47.16 OK
r-devel-windows-x86_64 1.0.1.1 6.00 51.00 57.00 OK
r-patched-linux-x86_64 1.0.1.1 2.65 27.05 29.70 OK
r-release-linux-x86_64 1.0.1.1 2.35 26.95 29.30 OK
r-release-macos-arm64 1.0.1.1 20.00 OK
r-release-macos-x86_64 1.0.1.1 31.00 OK
r-release-windows-x86_64 1.0.1.1 6.00 74.00 80.00 OK
r-oldrel-macos-arm64 1.0.1.1 20.00 NOTE
r-oldrel-macos-x86_64 1.0.1.1 27.00 NOTE
r-oldrel-windows-x86_64 1.0.1.1 6.00 54.00 60.00 NOTE

Check Details

Version: 1.0.1.1
Check: LazyData
Result: NOTE 'LazyData' is specified without a 'data' directory Flavors: r-oldrel-macos-arm64, r-oldrel-macos-x86_64, r-oldrel-windows-x86_64

These binaries (installable software) and packages are in development.
They may not be fully stable and should be used with caution. We make no claims about them.