CRAN Package Check Results for Package owdbr

Last updated on 2025-07-24 01:50:29 CEST.

Flavor Version Tinstall Tcheck Ttotal Status Flags
r-devel-linux-x86_64-debian-clang 1.0.1.1 3.31 29.02 32.33 OK
r-devel-linux-x86_64-debian-gcc 1.0.1.1 2.39 22.03 24.42 OK
r-devel-linux-x86_64-fedora-clang 1.0.1.1 49.82 OK
r-devel-linux-x86_64-fedora-gcc 1.0.1.1 47.93 OK
r-devel-windows-x86_64 1.0.1.1 5.00 48.00 53.00 OK
r-patched-linux-x86_64 1.0.1.1 3.09 27.50 30.59 OK
r-release-linux-x86_64 1.0.1.1 3.23 27.07 30.30 OK
r-release-macos-arm64 1.0.1.1 20.00 OK
r-release-macos-x86_64 1.0.1.1 31.00 OK
r-release-windows-x86_64 1.0.1.1 5.00 50.00 55.00 OK
r-oldrel-macos-arm64 1.0.1.1 20.00 NOTE
r-oldrel-macos-x86_64 1.0.1.1 27.00 NOTE
r-oldrel-windows-x86_64 1.0.1.1 5.00 53.00 58.00 NOTE

Check Details

Version: 1.0.1.1
Check: LazyData
Result: NOTE 'LazyData' is specified without a 'data' directory Flavors: r-oldrel-macos-arm64, r-oldrel-macos-x86_64, r-oldrel-windows-x86_64

These binaries (installable software) and packages are in development.
They may not be fully stable and should be used with caution. We make no claims about them.