Last updated on 2025-11-13 21:50:04 CET.
| Flavor | Version | Tinstall | Tcheck | Ttotal | Status | Flags |
|---|---|---|---|---|---|---|
| r-devel-linux-x86_64-debian-clang | 0.1.0 | 1.69 | 26.78 | 28.47 | NOTE | |
| r-devel-linux-x86_64-debian-gcc | 0.1.0 | 1.30 | 21.64 | 22.94 | NOTE | |
| r-devel-linux-x86_64-fedora-clang | 0.1.0 | 41.36 | NOTE | |||
| r-devel-linux-x86_64-fedora-gcc | 0.1.0 | 56.11 | NOTE | |||
| r-devel-windows-x86_64 | 0.1.0 | 3.00 | 44.00 | 47.00 | NOTE | |
| r-patched-linux-x86_64 | 0.1.0 | 1.71 | 24.28 | 25.99 | OK | |
| r-release-linux-x86_64 | 0.1.0 | 1.57 | 24.04 | 25.61 | OK | |
| r-release-macos-arm64 | 0.1.0 | 1.00 | 23.00 | 24.00 | OK | |
| r-release-macos-x86_64 | 0.1.0 | 2.00 | 38.00 | 40.00 | OK | |
| r-release-windows-x86_64 | 0.1.0 | 3.00 | 44.00 | 47.00 | OK | |
| r-oldrel-macos-arm64 | 0.1.0 | 1.00 | 21.00 | 22.00 | OK | |
| r-oldrel-macos-x86_64 | 0.1.0 | 1.00 | 29.00 | 30.00 | OK | |
| r-oldrel-windows-x86_64 | 0.1.0 | 3.00 | 52.00 | 55.00 | OK |
Version: 0.1.0
Check: Rd files
Result: NOTE
checkRd: (-1) ox.Rd:34: height/width attributes should be in pixels
checkRd: (-1) vectorized-ox.Rd:39: height/width attributes should be in pixels
Flavors: r-devel-linux-x86_64-debian-clang, r-devel-linux-x86_64-debian-gcc, r-devel-linux-x86_64-fedora-clang, r-devel-linux-x86_64-fedora-gcc, r-devel-windows-x86_64
These binaries (installable software) and packages are in development.
They may not be fully stable and should be used with caution. We make no claims about them.