CRAN Package Check Results for Package ox

Last updated on 2025-10-23 11:50:21 CEST.

Flavor Version Tinstall Tcheck Ttotal Status Flags
r-devel-linux-x86_64-debian-clang 0.1.0 1.70 26.93 28.63 NOTE
r-devel-linux-x86_64-debian-gcc 0.1.0 1.34 21.77 23.11 NOTE
r-devel-linux-x86_64-fedora-clang 0.1.0 44.85 NOTE
r-devel-linux-x86_64-fedora-gcc 0.1.0 57.97 NOTE
r-devel-windows-x86_64 0.1.0 3.00 47.00 50.00 OK
r-patched-linux-x86_64 0.1.0 1.83 24.11 25.94 OK
r-release-linux-x86_64 0.1.0 1.72 24.10 25.82 OK
r-release-macos-arm64 0.1.0 1.00 23.00 24.00 OK
r-release-macos-x86_64 0.1.0 2.00 38.00 40.00 OK
r-release-windows-x86_64 0.1.0 4.00 47.00 51.00 OK
r-oldrel-macos-arm64 0.1.0 1.00 21.00 22.00 OK
r-oldrel-macos-x86_64 0.1.0 1.00 29.00 30.00 OK
r-oldrel-windows-x86_64 0.1.0 3.00 52.00 55.00 OK

Check Details

Version: 0.1.0
Check: HTML version of manual
Result: NOTE Found the following HTML validation problems: OX_default.html:77:1 (OX_default.Rd:33): Warning: missing </ul> before </div> Flavor: r-devel-linux-x86_64-debian-clang

Version: 0.1.0
Check: Rd files
Result: NOTE checkRd: (-1) ox.Rd:34: height/width attributes should be in pixels checkRd: (-1) vectorized-ox.Rd:39: height/width attributes should be in pixels Flavors: r-devel-linux-x86_64-debian-gcc, r-devel-linux-x86_64-fedora-clang, r-devel-linux-x86_64-fedora-gcc

These binaries (installable software) and packages are in development.
They may not be fully stable and should be used with caution. We make no claims about them.